{"id":6,"date":"2023-08-03T10:17:22","date_gmt":"2023-08-03T10:17:22","guid":{"rendered":"http:\/\/localhost:8888\/demo1\/demo1-5\/?page_id=6"},"modified":"2026-01-12T15:44:52","modified_gmt":"2026-01-12T14:44:52","slug":"about-me","status":"publish","type":"page","link":"https:\/\/www.baptistedeyrail.com\/?page_id=6","title":{"rendered":"\u00c0 propos"},"content":{"rendered":"\n<div class=\"wp-block-columns is-layout-flex wp-container-core-columns-is-layout-28f84493 wp-block-columns-is-layout-flex\">\n<div class=\"wp-block-column is-vertically-aligned-top is-layout-flow wp-block-column-is-layout-flow\">\n<h2 class=\"wp-block-heading\" style=\"font-size:clamp(0.875rem, 0.875rem + ((1vw - 0.2rem) * 0.739), 1.3rem);\">Baptiste Deyrail<\/h2>\n\n\n\n<h5 class=\"wp-block-heading\">St\u00e9phanois d\u2019origine, Baptiste Deyrail est dipl\u00f4m\u00e9 d\u2019un<br>Master texte\/image \u00e0 l\u2019EESI d\u2019Angoul\u00eame. Depuis 10<br>ans il travaille les techniques de gravure, eau-forte et<br>monotype avec lesquelles il r\u00e9alise ses illustrations et<br>ses r\u00e9cits de bande dessin\u00e9e.<\/h5>\n\n\n\n<p class=\"has-small-font-size\">En 2020 il sort \u00abLe pas de la manu\u00bb chez Actes Sud\/l\u2019An 2, celle-ci re\u00e7oit plusieurs prix, notamment les prix du <em>Pulp Festival<\/em> et <em>Bulle de Travai<\/em>l. Il r\u00e9alise ponctuellement des s\u00e9ries d\u2019illustrations pour le Monde et d&rsquo;autres revues. Il d\u00e9veloppe actuellement un nouveau roman graphique pour Actes-Sud BD sur l\u2019alpinisme.<\/p>\n\n\n\n<p class=\"has-small-font-size\"><br>Parall\u00e8lement il suit des projets dans l\u2019audiovisuel<br>notamment comme r\u00e9alisateur et op\u00e9rateur vid\u00e9o dans<br>le cin\u00e9ma et le th\u00e9\u00e2tre. <\/p>\n\n\n\n<p style=\"font-size:clamp(0.875rem, 0.875rem + ((1vw - 0.2rem) * 0.043), 0.9rem);\"><em>Photo de Domizia Tosatto<\/em><\/p>\n\n\n\n<h4 class=\"wp-block-heading has-small-font-size\"><a href=\"mailto:email@email.com\">baptiste.deyrail@wanadoo.fr<\/a><\/h4>\n<\/div>\n\n\n\n<div class=\"wp-block-column is-layout-flow wp-block-column-is-layout-flow\">\n<figure class=\"wp-block-image aligncenter size-full is-resized\"><img loading=\"lazy\" decoding=\"async\" width=\"1233\" height=\"1172\" src=\"https:\/\/www.baptistedeyrail.com\/wp-content\/uploads\/2026\/01\/clean.jpg\" alt=\"\" class=\"wp-image-1891\" style=\"aspect-ratio:0.75;object-fit:cover;width:385px;height:auto\" srcset=\"https:\/\/www.baptistedeyrail.com\/wp-content\/uploads\/2026\/01\/clean.jpg 1233w, https:\/\/www.baptistedeyrail.com\/wp-content\/uploads\/2026\/01\/clean-300x285.jpg 300w, https:\/\/www.baptistedeyrail.com\/wp-content\/uploads\/2026\/01\/clean-1000x951.jpg 1000w, https:\/\/www.baptistedeyrail.com\/wp-content\/uploads\/2026\/01\/clean-768x730.jpg 768w\" sizes=\"auto, (max-width: 1233px) 100vw, 1233px\" \/><\/figure>\n<\/div>\n<\/div>\n\n\n\n<div class=\"wp-block-group has-global-padding is-layout-constrained wp-block-group-is-layout-constrained\">\n<div class=\"wp-block-columns is-layout-flex wp-container-core-columns-is-layout-28f84493 wp-block-columns-is-layout-flex\">\n<div class=\"wp-block-column is-layout-flow wp-block-column-is-layout-flow\"><\/div>\n\n\n\n<div class=\"wp-block-column is-layout-flow wp-block-column-is-layout-flow\"><\/div>\n<\/div>\n<\/div>\n","protected":false},"excerpt":{"rendered":"<p>Baptiste Deyrail St\u00e9phanois d\u2019origine, Baptiste Deyrail est dipl\u00f4m\u00e9 d\u2019unMaster texte\/image \u00e0 l\u2019EESI d\u2019Angoul\u00eame. Depuis 10ans il travaille les techniques de gravure, eau-forte etmonotype avec lesquelles il r\u00e9alise ses illustrations etses r\u00e9cits de bande dessin\u00e9e. En 2020 il sort \u00abLe pas de la manu\u00bb chez Actes Sud\/l\u2019An 2, celle-ci re\u00e7oit plusieurs prix, notamment les prix du [&hellip;]<\/p>\n","protected":false},"author":1,"featured_media":0,"parent":0,"menu_order":0,"comment_status":"closed","ping_status":"closed","template":"","meta":{"_uag_custom_page_level_css":"","footnotes":""},"categories":[],"tags":[],"class_list":["post-6","page","type-page","status-publish","hentry"],"uagb_featured_image_src":{"full":false,"thumbnail":false,"medium":false,"medium_large":false,"large":false,"1536x1536":false,"2048x2048":false},"uagb_author_info":{"display_name":"Baptiste","author_link":"https:\/\/www.baptistedeyrail.com\/?author=1"},"uagb_comment_info":0,"uagb_excerpt":"Baptiste Deyrail St\u00e9phanois d\u2019origine, Baptiste Deyrail est dipl\u00f4m\u00e9 d\u2019unMaster texte\/image \u00e0 l\u2019EESI d\u2019Angoul\u00eame. Depuis 10ans il travaille les techniques de gravure, eau-forte etmonotype avec lesquelles il r\u00e9alise ses illustrations etses r\u00e9cits de bande dessin\u00e9e. En 2020 il sort \u00abLe pas de la manu\u00bb chez Actes Sud\/l\u2019An 2, celle-ci re\u00e7oit plusieurs prix, notamment les prix du\u2026","_links":{"self":[{"href":"https:\/\/www.baptistedeyrail.com\/index.php?rest_route=\/wp\/v2\/pages\/6","targetHints":{"allow":["GET"]}}],"collection":[{"href":"https:\/\/www.baptistedeyrail.com\/index.php?rest_route=\/wp\/v2\/pages"}],"about":[{"href":"https:\/\/www.baptistedeyrail.com\/index.php?rest_route=\/wp\/v2\/types\/page"}],"author":[{"embeddable":true,"href":"https:\/\/www.baptistedeyrail.com\/index.php?rest_route=\/wp\/v2\/users\/1"}],"replies":[{"embeddable":true,"href":"https:\/\/www.baptistedeyrail.com\/index.php?rest_route=%2Fwp%2Fv2%2Fcomments&post=6"}],"version-history":[{"count":6,"href":"https:\/\/www.baptistedeyrail.com\/index.php?rest_route=\/wp\/v2\/pages\/6\/revisions"}],"predecessor-version":[{"id":1925,"href":"https:\/\/www.baptistedeyrail.com\/index.php?rest_route=\/wp\/v2\/pages\/6\/revisions\/1925"}],"wp:attachment":[{"href":"https:\/\/www.baptistedeyrail.com\/index.php?rest_route=%2Fwp%2Fv2%2Fmedia&parent=6"}],"wp:term":[{"taxonomy":"category","embeddable":true,"href":"https:\/\/www.baptistedeyrail.com\/index.php?rest_route=%2Fwp%2Fv2%2Fcategories&post=6"},{"taxonomy":"post_tag","embeddable":true,"href":"https:\/\/www.baptistedeyrail.com\/index.php?rest_route=%2Fwp%2Fv2%2Ftags&post=6"}],"curies":[{"name":"wp","href":"https:\/\/api.w.org\/{rel}","templated":true}]}}

À propos

<div class="wp-block-columns is-layout-flex wp-container-core-columns-is-layout-28f84493 wp-block-columns-is-layout-flex">
<div class="wp-block-column is-vertically-aligned-top is-layout-flow wp-block-column-is-layout-flow">
<h2 class="wp-block-heading" style="font-size:clamp(0.875rem, 0.875rem + ((1vw - 0.2rem) * 0.739), 1.3rem);">Baptiste Deyrail</h2>



<h5 class="wp-block-heading">Stéphanois d’origine, Baptiste Deyrail est diplômé d’un<br>Master texte/image à l’EESI d’Angoulême. Depuis 10<br>ans il travaille les techniques de gravure, eau-forte et<br>monotype avec lesquelles il réalise ses illustrations et<br>ses récits de bande dessinée.</h5>



<p class="has-small-font-size">En 2020 il sort «Le pas de la manu» chez Actes Sud/l’An 2, celle-ci reçoit plusieurs prix, notamment les prix du <em>Pulp Festival</em> et <em>Bulle de Travai</em>l. Il réalise ponctuellement des séries d’illustrations pour le Monde et d&rsquo;autres revues. Il développe actuellement un nouveau roman graphique pour Actes-Sud BD sur l’alpinisme.</p>



<p class="has-small-font-size"><br>Parallèlement il suit des projets dans l’audiovisuel<br>notamment comme réalisateur et opérateur vidéo dans<br>le cinéma et le théâtre. </p>



<p style="font-size:clamp(0.875rem, 0.875rem + ((1vw - 0.2rem) * 0.043), 0.9rem);"><em>Photo de Domizia Tosatto</em></p>



<h4 class="wp-block-heading has-small-font-size"><a href="mailto:email@email.com">baptiste.deyrail@wanadoo.fr</a></h4>
</div>



<div class="wp-block-column is-layout-flow wp-block-column-is-layout-flow">
<figure class="wp-block-image aligncenter size-full is-resized"><img loading="lazy" decoding="async" width="1233" height="1172" src="https://www.baptistedeyrail.com/wp-content/uploads/2026/01/clean.jpg" alt="" class="wp-image-1891" style="aspect-ratio:0.75;object-fit:cover;width:385px;height:auto" srcset="https://www.baptistedeyrail.com/wp-content/uploads/2026/01/clean.jpg 1233w, https://www.baptistedeyrail.com/wp-content/uploads/2026/01/clean-300x285.jpg 300w, https://www.baptistedeyrail.com/wp-content/uploads/2026/01/clean-1000x951.jpg 1000w, https://www.baptistedeyrail.com/wp-content/uploads/2026/01/clean-768x730.jpg 768w" sizes="auto, (max-width: 1233px) 100vw, 1233px" /></figure>
</div>
</div>



<div class="wp-block-group has-global-padding is-layout-constrained wp-block-group-is-layout-constrained">
<div class="wp-block-columns is-layout-flex wp-container-core-columns-is-layout-28f84493 wp-block-columns-is-layout-flex">
<div class="wp-block-column is-layout-flow wp-block-column-is-layout-flow"></div>



<div class="wp-block-column is-layout-flow wp-block-column-is-layout-flow"></div>
</div>
</div>

<p>Baptiste Deyrail Stéphanois d’origine, Baptiste Deyrail est diplômé d’unMaster texte/image à l’EESI d’Angoulême. Depuis 10ans il travaille les techniques de gravure, eau-forte etmonotype avec lesquelles il réalise ses illustrations etses récits de bande dessinée. En 2020 il sort «Le pas de la manu» chez Actes Sud/l’An 2, celle-ci reçoit plusieurs prix, notamment les prix du [&hellip;]</p>

Baptiste Deyrail Stéphanois d’origine, Baptiste Deyrail est diplômé d’unMaster texte/image à l’EESI d’Angoulême. Depuis 10ans il travaille les techniques de gravure, eau-forte etmonotype avec lesquelles il réalise ses illustrations etses récits de bande dessinée. En 2020 il sort «Le pas de la manu» chez Actes Sud/l’An 2, celle-ci reçoit plusieurs prix, notamment les prix du…
