{"id":1321,"date":"2025-05-14T15:53:41","date_gmt":"2025-05-14T14:53:41","guid":{"rendered":"https:\/\/www.baptistedeyrail.com\/?post_type=portfolio&#038;p=1321"},"modified":"2025-05-14T15:56:54","modified_gmt":"2025-05-14T14:56:54","slug":"second-plan","status":"publish","type":"portfolio","link":"https:\/\/www.baptistedeyrail.com\/?portfolio=second-plan","title":{"rendered":"Le Mur"},"content":{"rendered":"\n<div class=\"wp-block-group alignfull has-global-padding is-layout-constrained wp-block-group-is-layout-constrained\"><\/div>\n\n\n\n<div class=\"wp-block-columns is-layout-flex wp-container-core-columns-is-layout-28f84493 wp-block-columns-is-layout-flex\">\n<div class=\"wp-block-column is-layout-flow wp-block-column-is-layout-flow\" style=\"flex-basis:66%\">\n<figure class=\"wp-block-image size-full animated slideInLeft\"><img loading=\"lazy\" decoding=\"async\" width=\"1000\" height=\"562\" src=\"https:\/\/www.baptistedeyrail.com\/wp-content\/uploads\/2025\/05\/P1040137.jpg\" alt=\"\" class=\"wp-image-1333\" style=\"object-fit:cover\" srcset=\"https:\/\/www.baptistedeyrail.com\/wp-content\/uploads\/2025\/05\/P1040137.jpg 1000w, https:\/\/www.baptistedeyrail.com\/wp-content\/uploads\/2025\/05\/P1040137-300x169.jpg 300w, https:\/\/www.baptistedeyrail.com\/wp-content\/uploads\/2025\/05\/P1040137-768x432.jpg 768w\" sizes=\"auto, (max-width: 1000px) 100vw, 1000px\" \/><\/figure>\n<\/div>\n\n\n\n<div class=\"wp-block-column is-layout-flow wp-block-column-is-layout-flow\">\n<h2 class=\"wp-block-heading\" style=\"font-size:clamp(0.875rem, 0.875rem + ((1vw - 0.2rem) * 0.739), 1.3rem);\">2.35 : 1<\/h2>\n\n\n\n<p><em>Fresque r\u00e9alis\u00e9 pour <a href=\"https:\/\/www.tumblr.com\/le-mur-st-etienne\">le mur de Saint Etienne<\/a>. Il s&rsquo;agit d&rsquo;une image qui rend hommage au format 2.35 anamorphique et au cin\u00e9ma de David Lynch. <\/em><\/p>\n\n\n\n<p>Le MUR de St Etienne (Modulable, Urbain, R\u00e9actif) est occup\u00e9 chaque mois par l&rsquo;oeuvre d&rsquo;un artiste invit\u00e9. Le collage de l&rsquo;oeuvre est r\u00e9alis\u00e9 chaque premier samedi du mois \u00e0 partir de 11H00<\/p>\n\n\n\n<h6 class=\"wp-block-heading\"><strong>Peinture acrylique sur papier<\/strong> format : <strong>8m x 3m<\/strong><\/h6>\n<\/div>\n<\/div>\n\n\n\n<div style=\"height:4rem\" aria-hidden=\"true\" class=\"wp-block-spacer\"><\/div>\n\n\n\n<div class=\"wp-block-group has-global-padding is-layout-constrained wp-block-group-is-layout-constrained\">\n<div class=\"wp-block-columns is-layout-flex wp-container-core-columns-is-layout-28f84493 wp-block-columns-is-layout-flex\">\n<div class=\"wp-block-column is-layout-flow wp-block-column-is-layout-flow\"><\/div>\n\n\n\n<div class=\"wp-block-column is-layout-flow wp-block-column-is-layout-flow\"><\/div>\n<\/div>\n<\/div>\n\n\n\n<figure class=\"wp-block-minimalio-blocks-minimalio-gallery wp-block-gallery grid lg:grid-cols-3 md:grid-cols-2 grid-cols-1 dg__0 tg__2 pg__2 animated slideInUp\" data-id=\"9ab141d6\" data-grid=\"grid\" id=\"9ab141d6\"><figure class=\"wp-block-image none ratio_1-1\"><a href=\"https:\/\/www.baptistedeyrail.com\/wp-content\/uploads\/2025\/05\/P1040128.jpg\"><img loading=\"lazy\" decoding=\"async\" width=\"1333\" height=\"1000\" src=\"https:\/\/www.baptistedeyrail.com\/wp-content\/uploads\/2025\/05\/P1040128.jpg\" alt=\"Gallery Image\" class=\"wp-image-1331\" srcset=\"https:\/\/www.baptistedeyrail.com\/wp-content\/uploads\/2025\/05\/P1040128.jpg 1333w, https:\/\/www.baptistedeyrail.com\/wp-content\/uploads\/2025\/05\/P1040128-300x225.jpg 300w, https:\/\/www.baptistedeyrail.com\/wp-content\/uploads\/2025\/05\/P1040128-1000x750.jpg 1000w, https:\/\/www.baptistedeyrail.com\/wp-content\/uploads\/2025\/05\/P1040128-768x576.jpg 768w\" sizes=\"auto, (max-width: 1333px) 100vw, 1333px\" \/><\/a><\/figure><figure class=\"wp-block-image none ratio_1-1\"><a href=\"https:\/\/www.baptistedeyrail.com\/wp-content\/uploads\/2025\/05\/IMG_6571.jpg\"><img loading=\"lazy\" decoding=\"async\" width=\"1690\" height=\"1000\" src=\"https:\/\/www.baptistedeyrail.com\/wp-content\/uploads\/2025\/05\/IMG_6571.jpg\" alt=\"Gallery Image\" class=\"wp-image-1322\" srcset=\"https:\/\/www.baptistedeyrail.com\/wp-content\/uploads\/2025\/05\/IMG_6571.jpg 1690w, https:\/\/www.baptistedeyrail.com\/wp-content\/uploads\/2025\/05\/IMG_6571-300x178.jpg 300w, https:\/\/www.baptistedeyrail.com\/wp-content\/uploads\/2025\/05\/IMG_6571-1000x592.jpg 1000w, https:\/\/www.baptistedeyrail.com\/wp-content\/uploads\/2025\/05\/IMG_6571-768x454.jpg 768w, https:\/\/www.baptistedeyrail.com\/wp-content\/uploads\/2025\/05\/IMG_6571-1536x909.jpg 1536w\" sizes=\"auto, (max-width: 1690px) 100vw, 1690px\" \/><\/a><\/figure><figure class=\"wp-block-image none ratio_1-1\"><a href=\"https:\/\/www.baptistedeyrail.com\/wp-content\/uploads\/2025\/05\/P1040130.jpg\"><img loading=\"lazy\" decoding=\"async\" width=\"1333\" height=\"1000\" src=\"https:\/\/www.baptistedeyrail.com\/wp-content\/uploads\/2025\/05\/P1040130.jpg\" alt=\"Gallery Image\" class=\"wp-image-1332\" srcset=\"https:\/\/www.baptistedeyrail.com\/wp-content\/uploads\/2025\/05\/P1040130.jpg 1333w, https:\/\/www.baptistedeyrail.com\/wp-content\/uploads\/2025\/05\/P1040130-300x225.jpg 300w, https:\/\/www.baptistedeyrail.com\/wp-content\/uploads\/2025\/05\/P1040130-1000x750.jpg 1000w, https:\/\/www.baptistedeyrail.com\/wp-content\/uploads\/2025\/05\/P1040130-768x576.jpg 768w\" sizes=\"auto, (max-width: 1333px) 100vw, 1333px\" \/><\/a><\/figure><\/figure>\n","protected":false},"excerpt":{"rendered":"<p>2.35 : 1 Fresque r\u00e9alis\u00e9 pour le mur de Saint Etienne. Il s&rsquo;agit d&rsquo;une image qui rend hommage au format 2.35 anamorphique et au cin\u00e9ma de David Lynch. Le MUR de St Etienne (Modulable, Urbain, R\u00e9actif) est occup\u00e9 chaque mois par l&rsquo;oeuvre d&rsquo;un artiste invit\u00e9. Le collage de l&rsquo;oeuvre est r\u00e9alis\u00e9 chaque premier samedi du [&hellip;]<\/p>\n","protected":false},"author":1,"featured_media":1330,"template":"","portfolio-categories":[41],"portfolio-tags":[],"class_list":["post-1321","portfolio","type-portfolio","status-publish","has-post-thumbnail","hentry","portfolio-categories-fresque"],"uagb_featured_image_src":{"full":["https:\/\/www.baptistedeyrail.com\/wp-content\/uploads\/2025\/05\/le-mur.jpg",1401,1232,false],"thumbnail":["https:\/\/www.baptistedeyrail.com\/wp-content\/uploads\/2025\/05\/le-mur-300x300.jpg",300,300,true],"medium":["https:\/\/www.baptistedeyrail.com\/wp-content\/uploads\/2025\/05\/le-mur-300x264.jpg",300,264,true],"medium_large":["https:\/\/www.baptistedeyrail.com\/wp-content\/uploads\/2025\/05\/le-mur-768x675.jpg",768,675,true],"large":["https:\/\/www.baptistedeyrail.com\/wp-content\/uploads\/2025\/05\/le-mur-1000x879.jpg",1000,879,true],"1536x1536":["https:\/\/www.baptistedeyrail.com\/wp-content\/uploads\/2025\/05\/le-mur.jpg",1401,1232,false],"2048x2048":["https:\/\/www.baptistedeyrail.com\/wp-content\/uploads\/2025\/05\/le-mur.jpg",1401,1232,false]},"uagb_author_info":{"display_name":"Baptiste","author_link":"https:\/\/www.baptistedeyrail.com\/?author=1"},"uagb_comment_info":0,"uagb_excerpt":"2.35 : 1 Fresque r\u00e9alis\u00e9 pour le mur de Saint Etienne. Il s&rsquo;agit d&rsquo;une image qui rend hommage au format 2.35 anamorphique et au cin\u00e9ma de David Lynch. Le MUR de St Etienne (Modulable, Urbain, R\u00e9actif) est occup\u00e9 chaque mois par l&rsquo;oeuvre d&rsquo;un artiste invit\u00e9. Le collage de l&rsquo;oeuvre est r\u00e9alis\u00e9 chaque premier samedi du\u2026","_links":{"self":[{"href":"https:\/\/www.baptistedeyrail.com\/index.php?rest_route=\/wp\/v2\/portfolio\/1321","targetHints":{"allow":["GET"]}}],"collection":[{"href":"https:\/\/www.baptistedeyrail.com\/index.php?rest_route=\/wp\/v2\/portfolio"}],"about":[{"href":"https:\/\/www.baptistedeyrail.com\/index.php?rest_route=\/wp\/v2\/types\/portfolio"}],"author":[{"embeddable":true,"href":"https:\/\/www.baptistedeyrail.com\/index.php?rest_route=\/wp\/v2\/users\/1"}],"version-history":[{"count":0,"href":"https:\/\/www.baptistedeyrail.com\/index.php?rest_route=\/wp\/v2\/portfolio\/1321\/revisions"}],"wp:featuredmedia":[{"embeddable":true,"href":"https:\/\/www.baptistedeyrail.com\/index.php?rest_route=\/wp\/v2\/media\/1330"}],"wp:attachment":[{"href":"https:\/\/www.baptistedeyrail.com\/index.php?rest_route=%2Fwp%2Fv2%2Fmedia&parent=1321"}],"wp:term":[{"taxonomy":"portfolio-categories","embeddable":true,"href":"https:\/\/www.baptistedeyrail.com\/index.php?rest_route=%2Fwp%2Fv2%2Fportfolio-categories&post=1321"},{"taxonomy":"portfolio-tags","embeddable":true,"href":"https:\/\/www.baptistedeyrail.com\/index.php?rest_route=%2Fwp%2Fv2%2Fportfolio-tags&post=1321"}],"curies":[{"name":"wp","href":"https:\/\/api.w.org\/{rel}","templated":true}]}}

<div class="wp-block-group alignfull has-global-padding is-layout-constrained wp-block-group-is-layout-constrained"></div>



<div class="wp-block-columns is-layout-flex wp-container-core-columns-is-layout-28f84493 wp-block-columns-is-layout-flex">
<div class="wp-block-column is-layout-flow wp-block-column-is-layout-flow" style="flex-basis:66%">
<figure class="wp-block-image size-full animated slideInLeft"><img loading="lazy" decoding="async" width="1000" height="562" src="https://www.baptistedeyrail.com/wp-content/uploads/2025/05/P1040137.jpg" alt="" class="wp-image-1333" style="object-fit:cover" srcset="https://www.baptistedeyrail.com/wp-content/uploads/2025/05/P1040137.jpg 1000w, https://www.baptistedeyrail.com/wp-content/uploads/2025/05/P1040137-300x169.jpg 300w, https://www.baptistedeyrail.com/wp-content/uploads/2025/05/P1040137-768x432.jpg 768w" sizes="auto, (max-width: 1000px) 100vw, 1000px" /></figure>
</div>



<div class="wp-block-column is-layout-flow wp-block-column-is-layout-flow">
<h2 class="wp-block-heading" style="font-size:clamp(0.875rem, 0.875rem + ((1vw - 0.2rem) * 0.739), 1.3rem);">2.35 : 1</h2>



<p><em>Fresque réalisé pour <a href="https://www.tumblr.com/le-mur-st-etienne">le mur de Saint Etienne</a>. Il s&rsquo;agit d&rsquo;une image qui rend hommage au format 2.35 anamorphique et au cinéma de David Lynch. </em></p>



<p>Le MUR de St Etienne (Modulable, Urbain, Réactif) est occupé chaque mois par l&rsquo;oeuvre d&rsquo;un artiste invité. Le collage de l&rsquo;oeuvre est réalisé chaque premier samedi du mois à partir de 11H00</p>



<h6 class="wp-block-heading"><strong>Peinture acrylique sur papier</strong> format : <strong>8m x 3m</strong></h6>
</div>
</div>



<div style="height:4rem" aria-hidden="true" class="wp-block-spacer"></div>



<div class="wp-block-group has-global-padding is-layout-constrained wp-block-group-is-layout-constrained">
<div class="wp-block-columns is-layout-flex wp-container-core-columns-is-layout-28f84493 wp-block-columns-is-layout-flex">
<div class="wp-block-column is-layout-flow wp-block-column-is-layout-flow"></div>



<div class="wp-block-column is-layout-flow wp-block-column-is-layout-flow"></div>
</div>
</div>



<figure class="wp-block-minimalio-blocks-minimalio-gallery wp-block-gallery grid lg:grid-cols-3 md:grid-cols-2 grid-cols-1 dg__0 tg__2 pg__2 animated slideInUp" data-id="9ab141d6" data-grid="grid" id="9ab141d6"><figure class="wp-block-image none ratio_1-1"><a href="https://www.baptistedeyrail.com/wp-content/uploads/2025/05/P1040128.jpg"><img loading="lazy" decoding="async" width="1333" height="1000" src="https://www.baptistedeyrail.com/wp-content/uploads/2025/05/P1040128.jpg" alt="Gallery Image" class="wp-image-1331" srcset="https://www.baptistedeyrail.com/wp-content/uploads/2025/05/P1040128.jpg 1333w, https://www.baptistedeyrail.com/wp-content/uploads/2025/05/P1040128-300x225.jpg 300w, https://www.baptistedeyrail.com/wp-content/uploads/2025/05/P1040128-1000x750.jpg 1000w, https://www.baptistedeyrail.com/wp-content/uploads/2025/05/P1040128-768x576.jpg 768w" sizes="auto, (max-width: 1333px) 100vw, 1333px" /></a></figure><figure class="wp-block-image none ratio_1-1"><a href="https://www.baptistedeyrail.com/wp-content/uploads/2025/05/IMG_6571.jpg"><img loading="lazy" decoding="async" width="1690" height="1000" src="https://www.baptistedeyrail.com/wp-content/uploads/2025/05/IMG_6571.jpg" alt="Gallery Image" class="wp-image-1322" srcset="https://www.baptistedeyrail.com/wp-content/uploads/2025/05/IMG_6571.jpg 1690w, https://www.baptistedeyrail.com/wp-content/uploads/2025/05/IMG_6571-300x178.jpg 300w, https://www.baptistedeyrail.com/wp-content/uploads/2025/05/IMG_6571-1000x592.jpg 1000w, https://www.baptistedeyrail.com/wp-content/uploads/2025/05/IMG_6571-768x454.jpg 768w, https://www.baptistedeyrail.com/wp-content/uploads/2025/05/IMG_6571-1536x909.jpg 1536w" sizes="auto, (max-width: 1690px) 100vw, 1690px" /></a></figure><figure class="wp-block-image none ratio_1-1"><a href="https://www.baptistedeyrail.com/wp-content/uploads/2025/05/P1040130.jpg"><img loading="lazy" decoding="async" width="1333" height="1000" src="https://www.baptistedeyrail.com/wp-content/uploads/2025/05/P1040130.jpg" alt="Gallery Image" class="wp-image-1332" srcset="https://www.baptistedeyrail.com/wp-content/uploads/2025/05/P1040130.jpg 1333w, https://www.baptistedeyrail.com/wp-content/uploads/2025/05/P1040130-300x225.jpg 300w, https://www.baptistedeyrail.com/wp-content/uploads/2025/05/P1040130-1000x750.jpg 1000w, https://www.baptistedeyrail.com/wp-content/uploads/2025/05/P1040130-768x576.jpg 768w" sizes="auto, (max-width: 1333px) 100vw, 1333px" /></a></figure></figure>

<p>2.35 : 1 Fresque réalisé pour le mur de Saint Etienne. Il s&rsquo;agit d&rsquo;une image qui rend hommage au format 2.35 anamorphique et au cinéma de David Lynch. Le MUR de St Etienne (Modulable, Urbain, Réactif) est occupé chaque mois par l&rsquo;oeuvre d&rsquo;un artiste invité. Le collage de l&rsquo;oeuvre est réalisé chaque premier samedi du [&hellip;]</p>

2.35 : 1 Fresque réalisé pour le mur de Saint Etienne. Il s&rsquo;agit d&rsquo;une image qui rend hommage au format 2.35 anamorphique et au cinéma de David Lynch. Le MUR de St Etienne (Modulable, Urbain, Réactif) est occupé chaque mois par l&rsquo;oeuvre d&rsquo;un artiste invité. Le collage de l&rsquo;oeuvre est réalisé chaque premier samedi du…
