{"id":1419,"date":"2025-05-15T15:50:07","date_gmt":"2025-05-15T14:50:07","guid":{"rendered":"https:\/\/www.baptistedeyrail.com\/?post_type=portfolio&#038;p=1419"},"modified":"2025-05-15T16:00:35","modified_gmt":"2025-05-15T15:00:35","slug":"le-sens-de-la-vie","status":"publish","type":"portfolio","link":"https:\/\/www.baptistedeyrail.com\/?portfolio=le-sens-de-la-vie","title":{"rendered":"Le Sens de la vie"},"content":{"rendered":"\n<div class=\"wp-block-group alignfull has-global-padding is-layout-constrained wp-block-group-is-layout-constrained\"><\/div>\n\n\n\n<div class=\"wp-block-columns is-layout-flex wp-container-core-columns-is-layout-28f84493 wp-block-columns-is-layout-flex\">\n<div class=\"wp-block-column is-layout-flow wp-block-column-is-layout-flow\" style=\"flex-basis:66%\">\n<figure class=\"wp-block-image size-full animated fadeInLeft\"><img loading=\"lazy\" decoding=\"async\" width=\"901\" height=\"900\" src=\"https:\/\/www.baptistedeyrail.com\/wp-content\/uploads\/2025\/05\/Le-sens-de-la-vie-SD.jpg\" alt=\"\" class=\"wp-image-1425\" srcset=\"https:\/\/www.baptistedeyrail.com\/wp-content\/uploads\/2025\/05\/Le-sens-de-la-vie-SD.jpg 901w, https:\/\/www.baptistedeyrail.com\/wp-content\/uploads\/2025\/05\/Le-sens-de-la-vie-SD-300x300.jpg 300w, https:\/\/www.baptistedeyrail.com\/wp-content\/uploads\/2025\/05\/Le-sens-de-la-vie-SD-768x767.jpg 768w\" sizes=\"auto, (max-width: 901px) 100vw, 901px\" \/><\/figure>\n<\/div>\n\n\n\n<div class=\"wp-block-column is-layout-flow wp-block-column-is-layout-flow\">\n<h2 class=\"wp-block-heading\" style=\"font-size:clamp(0.875rem, 0.875rem + ((1vw - 0.2rem) * 0.739), 1.3rem);\">Le Sens de la vie<\/h2>\n\n\n\n<h5 class=\"wp-block-heading\">Couverture d&rsquo;un livre de <a href=\"https:\/\/leslapidaires.fr\/auteurs\/edouard-rod-copy4\"><\/a><a href=\"https:\/\/leslapidaires.fr\/auteurs\/felicien-champsaur\"><\/a><a href=\"https:\/\/leslapidaires.fr\/auteurs\/edouard-rod-copy3\"><a href=\"https:\/\/leslapidaires.fr\/auteurs\/edouard-rod-copy2\">\u00c9douard Rod (1857-1910)<\/a><\/a><br>par les \u00e9ditions <a href=\"https:\/\/leslapidaires.fr\/catalogue\/le-sens-de-la-vie\">les Lapidaires<\/a><\/h5>\n\n\n\n<p>Chronique intime et m\u00e9lancolique d\u2019un v\u00e9ritable dandy parisien ; d\u2019un libertaire bourgeois (pardonnez l\u2019oxymore) qui s\u2019interroge sur la paternit\u00e9, l\u2019altruisme, la religion, le mariage\u2026 L\u2019\u00e9tat d\u2019esprit du narrateur lorsqu\u2019il enregistre la naissance de sa fille : \u00ab Jamais je n\u2019ai senti plus vivement l\u2019odieux et le ridicule de l\u2019ordre civil. Il faut donc que tout passe par cette encre malpropre, par ces mains graisseuses, tout ce qu\u2019on \u00e9prouve de sacr\u00e9, l\u2019amour et le deuil. Vous y \u00eates inscrit en venant au monde et vous en serez l\u2019esclave toute votre vie (\u2026) \u00bb. Pour cette longue glissade existentielle nerveuse, d\u00e9licate, aussi profonde que frivole, \u00c9douard Rod a re\u00e7u le Prix de Jouy, prix de philosophie d\u00e9cern\u00e9 par l&rsquo;Acad\u00e9mie fran\u00e7aise jusqu&rsquo;en 1987.<\/p>\n\n\n      \n\t\t\t<div class=\"uagb-icon-wrapper uagb-block-379fd47a      \"\n\t\t\tstyle=\"\" >\n\t\t\t\t\t\t\t\t\t<span class=\"uagb-svg-wrapper\" \n\t\t\t\t\t aria-label=\"chevron-down\"\t\t\t\t\ttabindex=\"0\">\t\t\n\t\t\t\t\t\t\t\t\t\t<svg xmlns=\"https:\/\/www.w3.org\/2000\/svg\" viewBox= \"0 0 448 512\" role=\"graphics-symbol\" aria-hidden=\"false\" aria-label=\"\"><path d=\"M224 416c-8.188 0-16.38-3.125-22.62-9.375l-192-192c-12.5-12.5-12.5-32.75 0-45.25s32.75-12.5 45.25 0L224 338.8l169.4-169.4c12.5-12.5 32.75-12.5 45.25 0s12.5 32.75 0 45.25l-192 192C240.4 412.9 232.2 416 224 416z\"><\/path><\/svg>\n\t\t\t\t\t\t\t\t\t<\/span>\n\t\t\t\t\t\t\t<\/div>\n\t\t\t\n\n\n<p>Monotype couleur<br>Couverture et 4\u00e8me de couverture<\/p>\n<\/div>\n<\/div>\n\n\n\n<div style=\"height:4rem\" aria-hidden=\"true\" class=\"wp-block-spacer\"><\/div>\n\n\n\n<div class=\"wp-block-group has-global-padding is-layout-constrained wp-block-group-is-layout-constrained\">\n<div class=\"wp-block-columns is-layout-flex wp-container-core-columns-is-layout-28f84493 wp-block-columns-is-layout-flex\">\n<div class=\"wp-block-column is-layout-flow wp-block-column-is-layout-flow\"><\/div>\n\n\n\n<div class=\"wp-block-column is-layout-flow wp-block-column-is-layout-flow\"><\/div>\n<\/div>\n\n\n\n<figure class=\"wp-block-image aligncenter size-full is-resized animated slideInUp\"><img loading=\"lazy\" decoding=\"async\" width=\"1527\" height=\"1000\" src=\"https:\/\/www.baptistedeyrail.com\/wp-content\/uploads\/2025\/05\/SALON-3-retouche.jpg\" alt=\"\" class=\"wp-image-1421\" style=\"width:830px\" srcset=\"https:\/\/www.baptistedeyrail.com\/wp-content\/uploads\/2025\/05\/SALON-3-retouche.jpg 1527w, https:\/\/www.baptistedeyrail.com\/wp-content\/uploads\/2025\/05\/SALON-3-retouche-300x196.jpg 300w, https:\/\/www.baptistedeyrail.com\/wp-content\/uploads\/2025\/05\/SALON-3-retouche-1000x655.jpg 1000w, https:\/\/www.baptistedeyrail.com\/wp-content\/uploads\/2025\/05\/SALON-3-retouche-768x503.jpg 768w\" sizes=\"auto, (max-width: 1527px) 100vw, 1527px\" \/><\/figure>\n<\/div>\n\n\n\n<div style=\"height:118px\" aria-hidden=\"true\" class=\"wp-block-spacer\"><\/div>\n\n\n\n<figure class=\"wp-block-image aligncenter size-full is-resized animated backInUp\"><img loading=\"lazy\" decoding=\"async\" width=\"150\" height=\"150\" src=\"https:\/\/www.baptistedeyrail.com\/wp-content\/uploads\/2025\/05\/fleche.png\" alt=\"\" class=\"wp-image-1394\" style=\"width:92px;height:auto\"\/><\/figure>\n","protected":false},"excerpt":{"rendered":"<p>Le Sens de la vie Couverture d&rsquo;un livre de \u00c9douard Rod (1857-1910)par les \u00e9ditions les Lapidaires Chronique intime et m\u00e9lancolique d\u2019un v\u00e9ritable dandy parisien ; d\u2019un libertaire bourgeois (pardonnez l\u2019oxymore) qui s\u2019interroge sur la paternit\u00e9, l\u2019altruisme, la religion, le mariage\u2026 L\u2019\u00e9tat d\u2019esprit du narrateur lorsqu\u2019il enregistre la naissance de sa fille : \u00ab Jamais je [&hellip;]<\/p>\n","protected":false},"author":1,"featured_media":1423,"template":"","portfolio-categories":[39],"portfolio-tags":[],"class_list":["post-1419","portfolio","type-portfolio","status-publish","has-post-thumbnail","hentry","portfolio-categories-illustration"],"uagb_featured_image_src":{"full":["https:\/\/www.baptistedeyrail.com\/wp-content\/uploads\/2025\/05\/Le-sens-de-la-vie-COUVERTURE-RECTO-1.jpg",400,400,false],"thumbnail":["https:\/\/www.baptistedeyrail.com\/wp-content\/uploads\/2025\/05\/Le-sens-de-la-vie-COUVERTURE-RECTO-1-300x300.jpg",300,300,true],"medium":["https:\/\/www.baptistedeyrail.com\/wp-content\/uploads\/2025\/05\/Le-sens-de-la-vie-COUVERTURE-RECTO-1-300x300.jpg",300,300,true],"medium_large":["https:\/\/www.baptistedeyrail.com\/wp-content\/uploads\/2025\/05\/Le-sens-de-la-vie-COUVERTURE-RECTO-1.jpg",400,400,false],"large":["https:\/\/www.baptistedeyrail.com\/wp-content\/uploads\/2025\/05\/Le-sens-de-la-vie-COUVERTURE-RECTO-1.jpg",400,400,false],"1536x1536":["https:\/\/www.baptistedeyrail.com\/wp-content\/uploads\/2025\/05\/Le-sens-de-la-vie-COUVERTURE-RECTO-1.jpg",400,400,false],"2048x2048":["https:\/\/www.baptistedeyrail.com\/wp-content\/uploads\/2025\/05\/Le-sens-de-la-vie-COUVERTURE-RECTO-1.jpg",400,400,false]},"uagb_author_info":{"display_name":"Baptiste","author_link":"https:\/\/www.baptistedeyrail.com\/?author=1"},"uagb_comment_info":0,"uagb_excerpt":"Le Sens de la vie Couverture d&rsquo;un livre de \u00c9douard Rod (1857-1910)par les \u00e9ditions les Lapidaires Chronique intime et m\u00e9lancolique d\u2019un v\u00e9ritable dandy parisien ; d\u2019un libertaire bourgeois (pardonnez l\u2019oxymore) qui s\u2019interroge sur la paternit\u00e9, l\u2019altruisme, la religion, le mariage\u2026 L\u2019\u00e9tat d\u2019esprit du narrateur lorsqu\u2019il enregistre la naissance de sa fille : \u00ab Jamais je\u2026","_links":{"self":[{"href":"https:\/\/www.baptistedeyrail.com\/index.php?rest_route=\/wp\/v2\/portfolio\/1419","targetHints":{"allow":["GET"]}}],"collection":[{"href":"https:\/\/www.baptistedeyrail.com\/index.php?rest_route=\/wp\/v2\/portfolio"}],"about":[{"href":"https:\/\/www.baptistedeyrail.com\/index.php?rest_route=\/wp\/v2\/types\/portfolio"}],"author":[{"embeddable":true,"href":"https:\/\/www.baptistedeyrail.com\/index.php?rest_route=\/wp\/v2\/users\/1"}],"version-history":[{"count":0,"href":"https:\/\/www.baptistedeyrail.com\/index.php?rest_route=\/wp\/v2\/portfolio\/1419\/revisions"}],"wp:featuredmedia":[{"embeddable":true,"href":"https:\/\/www.baptistedeyrail.com\/index.php?rest_route=\/wp\/v2\/media\/1423"}],"wp:attachment":[{"href":"https:\/\/www.baptistedeyrail.com\/index.php?rest_route=%2Fwp%2Fv2%2Fmedia&parent=1419"}],"wp:term":[{"taxonomy":"portfolio-categories","embeddable":true,"href":"https:\/\/www.baptistedeyrail.com\/index.php?rest_route=%2Fwp%2Fv2%2Fportfolio-categories&post=1419"},{"taxonomy":"portfolio-tags","embeddable":true,"href":"https:\/\/www.baptistedeyrail.com\/index.php?rest_route=%2Fwp%2Fv2%2Fportfolio-tags&post=1419"}],"curies":[{"name":"wp","href":"https:\/\/api.w.org\/{rel}","templated":true}]}}

<div class="wp-block-group alignfull has-global-padding is-layout-constrained wp-block-group-is-layout-constrained"></div>



<div class="wp-block-columns is-layout-flex wp-container-core-columns-is-layout-28f84493 wp-block-columns-is-layout-flex">
<div class="wp-block-column is-layout-flow wp-block-column-is-layout-flow" style="flex-basis:66%">
<figure class="wp-block-image size-full animated fadeInLeft"><img loading="lazy" decoding="async" width="901" height="900" src="https://www.baptistedeyrail.com/wp-content/uploads/2025/05/Le-sens-de-la-vie-SD.jpg" alt="" class="wp-image-1425" srcset="https://www.baptistedeyrail.com/wp-content/uploads/2025/05/Le-sens-de-la-vie-SD.jpg 901w, https://www.baptistedeyrail.com/wp-content/uploads/2025/05/Le-sens-de-la-vie-SD-300x300.jpg 300w, https://www.baptistedeyrail.com/wp-content/uploads/2025/05/Le-sens-de-la-vie-SD-768x767.jpg 768w" sizes="auto, (max-width: 901px) 100vw, 901px" /></figure>
</div>



<div class="wp-block-column is-layout-flow wp-block-column-is-layout-flow">
<h2 class="wp-block-heading" style="font-size:clamp(0.875rem, 0.875rem + ((1vw - 0.2rem) * 0.739), 1.3rem);">Le Sens de la vie</h2>



<h5 class="wp-block-heading">Couverture d&rsquo;un livre de <a href="https://leslapidaires.fr/auteurs/edouard-rod-copy4"></a><a href="https://leslapidaires.fr/auteurs/felicien-champsaur"></a><a href="https://leslapidaires.fr/auteurs/edouard-rod-copy3"><a href="https://leslapidaires.fr/auteurs/edouard-rod-copy2">Édouard Rod (1857-1910)</a></a><br>par les éditions <a href="https://leslapidaires.fr/catalogue/le-sens-de-la-vie">les Lapidaires</a></h5>



<p>Chronique intime et mélancolique d’un véritable dandy parisien ; d’un libertaire bourgeois (pardonnez l’oxymore) qui s’interroge sur la paternité, l’altruisme, la religion, le mariage… L’état d’esprit du narrateur lorsqu’il enregistre la naissance de sa fille : « Jamais je n’ai senti plus vivement l’odieux et le ridicule de l’ordre civil. Il faut donc que tout passe par cette encre malpropre, par ces mains graisseuses, tout ce qu’on éprouve de sacré, l’amour et le deuil. Vous y êtes inscrit en venant au monde et vous en serez l’esclave toute votre vie (…) ». Pour cette longue glissade existentielle nerveuse, délicate, aussi profonde que frivole, Édouard Rod a reçu le Prix de Jouy, prix de philosophie décerné par l&rsquo;Académie française jusqu&rsquo;en 1987.</p>


      
			<div class="uagb-icon-wrapper uagb-block-379fd47a      "
			style="" >
									<span class="uagb-svg-wrapper" 
					 aria-label="chevron-down"					tabindex="0">		
										<svg xmlns="https://www.w3.org/2000/svg" viewBox= "0 0 448 512" role="graphics-symbol" aria-hidden="false" aria-label=""><path d="M224 416c-8.188 0-16.38-3.125-22.62-9.375l-192-192c-12.5-12.5-12.5-32.75 0-45.25s32.75-12.5 45.25 0L224 338.8l169.4-169.4c12.5-12.5 32.75-12.5 45.25 0s12.5 32.75 0 45.25l-192 192C240.4 412.9 232.2 416 224 416z"></path></svg>
									</span>
							</div>
			


<p>Monotype couleur<br>Couverture et 4ème de couverture</p>
</div>
</div>



<div style="height:4rem" aria-hidden="true" class="wp-block-spacer"></div>



<div class="wp-block-group has-global-padding is-layout-constrained wp-block-group-is-layout-constrained">
<div class="wp-block-columns is-layout-flex wp-container-core-columns-is-layout-28f84493 wp-block-columns-is-layout-flex">
<div class="wp-block-column is-layout-flow wp-block-column-is-layout-flow"></div>



<div class="wp-block-column is-layout-flow wp-block-column-is-layout-flow"></div>
</div>



<figure class="wp-block-image aligncenter size-full is-resized animated slideInUp"><img loading="lazy" decoding="async" width="1527" height="1000" src="https://www.baptistedeyrail.com/wp-content/uploads/2025/05/SALON-3-retouche.jpg" alt="" class="wp-image-1421" style="width:830px" srcset="https://www.baptistedeyrail.com/wp-content/uploads/2025/05/SALON-3-retouche.jpg 1527w, https://www.baptistedeyrail.com/wp-content/uploads/2025/05/SALON-3-retouche-300x196.jpg 300w, https://www.baptistedeyrail.com/wp-content/uploads/2025/05/SALON-3-retouche-1000x655.jpg 1000w, https://www.baptistedeyrail.com/wp-content/uploads/2025/05/SALON-3-retouche-768x503.jpg 768w" sizes="auto, (max-width: 1527px) 100vw, 1527px" /></figure>
</div>



<div style="height:118px" aria-hidden="true" class="wp-block-spacer"></div>



<figure class="wp-block-image aligncenter size-full is-resized animated backInUp"><img loading="lazy" decoding="async" width="150" height="150" src="https://www.baptistedeyrail.com/wp-content/uploads/2025/05/fleche.png" alt="" class="wp-image-1394" style="width:92px;height:auto"/></figure>

<p>Le Sens de la vie Couverture d&rsquo;un livre de Édouard Rod (1857-1910)par les éditions les Lapidaires Chronique intime et mélancolique d’un véritable dandy parisien ; d’un libertaire bourgeois (pardonnez l’oxymore) qui s’interroge sur la paternité, l’altruisme, la religion, le mariage… L’état d’esprit du narrateur lorsqu’il enregistre la naissance de sa fille : « Jamais je [&hellip;]</p>

Le Sens de la vie Couverture d&rsquo;un livre de Édouard Rod (1857-1910)par les éditions les Lapidaires Chronique intime et mélancolique d’un véritable dandy parisien ; d’un libertaire bourgeois (pardonnez l’oxymore) qui s’interroge sur la paternité, l’altruisme, la religion, le mariage… L’état d’esprit du narrateur lorsqu’il enregistre la naissance de sa fille : « Jamais je…
