{"id":17,"date":"2023-08-03T11:25:25","date_gmt":"2023-08-03T11:25:25","guid":{"rendered":"http:\/\/localhost:8888\/demo1\/demo1-5\/?post_type=portfolio&#038;p=17"},"modified":"2025-05-14T10:06:33","modified_gmt":"2025-05-14T09:06:33","slug":"camera-3","status":"publish","type":"portfolio","link":"https:\/\/www.baptistedeyrail.com\/?portfolio=camera-3","title":{"rendered":"La d\u00e9faite d\u2019Attila"},"content":{"rendered":"\n<div class=\"wp-block-group alignfull has-global-padding is-layout-constrained wp-block-group-is-layout-constrained\"><\/div>\n\n\n\n<div class=\"wp-block-columns is-layout-flex wp-container-core-columns-is-layout-28f84493 wp-block-columns-is-layout-flex\">\n<div class=\"wp-block-column is-layout-flow wp-block-column-is-layout-flow\" style=\"flex-basis:66%\">\n<figure class=\"wp-block-image size-full animated slideInLeft\"><img loading=\"lazy\" decoding=\"async\" width=\"1000\" height=\"727\" src=\"https:\/\/www.baptistedeyrail.com\/wp-content\/uploads\/2023\/08\/Episode-2_Attila_Final_SD.jpg\" alt=\"\" class=\"wp-image-1260\" srcset=\"https:\/\/www.baptistedeyrail.com\/wp-content\/uploads\/2023\/08\/Episode-2_Attila_Final_SD.jpg 1000w, https:\/\/www.baptistedeyrail.com\/wp-content\/uploads\/2023\/08\/Episode-2_Attila_Final_SD-300x218.jpg 300w, https:\/\/www.baptistedeyrail.com\/wp-content\/uploads\/2023\/08\/Episode-2_Attila_Final_SD-768x558.jpg 768w\" sizes=\"auto, (max-width: 1000px) 100vw, 1000px\" \/><\/figure>\n<\/div>\n\n\n\n<div class=\"wp-block-column is-layout-flow wp-block-column-is-layout-flow\">\n<h2 class=\"wp-block-heading\" style=\"font-size:clamp(0.875rem, 0.875rem + ((1vw - 0.2rem) * 0.739), 1.3rem);\">la d\u00e9faite d\u2019Attila aux champs Catalauniques<\/h2>\n\n\n\n<h5 class=\"wp-block-heading\"><em>\u00ab\u00a0Sur les champs de bataille\u00a0\u00bb (2\/6). O\u00f9 a-t-elle eu lieu\u00a0? Quel jour est-elle survenue\u00a0? Comment Attila a-t-il pu fuir\u00a0? S\u2019il est admis que la marche des terribles cavaliers huns s\u2019est arr\u00eat\u00e9e dans la Champagne actuelle en 451, les circonstances de l\u2019\u00e9v\u00e9nement d\u00e9cisif soul\u00e8vent, encore aujourd\u2019hui, plus de questions que de r\u00e9ponses.<\/em><\/h5>\n\n\n\n<p>Illustrations pour une s\u00e9rie du journal le Monde r\u00e9alis\u00e9 par\u00a0<a href=\"https:\/\/www.lemonde.fr\/signataires\/marie-beatrice-baudet\/\">Marie-B\u00e9atrice Baudet<\/a>\u00a0(Troyes, envoy\u00e9e sp\u00e9ciale) Publi\u00e9 le 23 ao\u00fbt 2022<\/p>\n\n\n\n<p>Monotype couleur sur Zinc<\/p>\n<\/div>\n<\/div>\n\n\n\n<div style=\"height:4rem\" aria-hidden=\"true\" class=\"wp-block-spacer\"><\/div>\n\n\n\n<div class=\"wp-block-group has-global-padding is-layout-constrained wp-block-group-is-layout-constrained\">\n<div class=\"wp-block-columns is-layout-flex wp-container-core-columns-is-layout-28f84493 wp-block-columns-is-layout-flex\">\n<div class=\"wp-block-column is-layout-flow wp-block-column-is-layout-flow\"><\/div>\n\n\n\n<div class=\"wp-block-column is-layout-flow wp-block-column-is-layout-flow\"><\/div>\n<\/div>\n<\/div>\n\n\n\n<figure class=\"wp-block-image size-full is-resized animated slideInUp\"><img loading=\"lazy\" decoding=\"async\" width=\"1000\" height=\"714\" src=\"https:\/\/www.baptistedeyrail.com\/wp-content\/uploads\/2023\/08\/Attila-SD.jpg\" alt=\"\" class=\"wp-image-1261\" style=\"width:850px\" srcset=\"https:\/\/www.baptistedeyrail.com\/wp-content\/uploads\/2023\/08\/Attila-SD.jpg 1000w, https:\/\/www.baptistedeyrail.com\/wp-content\/uploads\/2023\/08\/Attila-SD-300x214.jpg 300w, https:\/\/www.baptistedeyrail.com\/wp-content\/uploads\/2023\/08\/Attila-SD-768x548.jpg 768w\" sizes=\"auto, (max-width: 1000px) 100vw, 1000px\" \/><\/figure>\n","protected":false},"excerpt":{"rendered":"<p>la d\u00e9faite d\u2019Attila aux champs Catalauniques \u00ab\u00a0Sur les champs de bataille\u00a0\u00bb (2\/6). O\u00f9 a-t-elle eu lieu\u00a0? Quel jour est-elle survenue\u00a0? Comment Attila a-t-il pu fuir\u00a0? S\u2019il est admis que la marche des terribles cavaliers huns s\u2019est arr\u00eat\u00e9e dans la Champagne actuelle en 451, les circonstances de l\u2019\u00e9v\u00e9nement d\u00e9cisif soul\u00e8vent, encore aujourd\u2019hui, plus de questions que [&hellip;]<\/p>\n","protected":false},"author":1,"featured_media":1267,"template":"","portfolio-categories":[39],"portfolio-tags":[],"class_list":["post-17","portfolio","type-portfolio","status-publish","has-post-thumbnail","hentry","portfolio-categories-illustration"],"uagb_featured_image_src":{"full":["https:\/\/www.baptistedeyrail.com\/wp-content\/uploads\/2023\/08\/Episode-2_Attila_Final_Vignette.jpg",727,727,false],"thumbnail":["https:\/\/www.baptistedeyrail.com\/wp-content\/uploads\/2023\/08\/Episode-2_Attila_Final_Vignette-300x300.jpg",300,300,true],"medium":["https:\/\/www.baptistedeyrail.com\/wp-content\/uploads\/2023\/08\/Episode-2_Attila_Final_Vignette-300x300.jpg",300,300,true],"medium_large":["https:\/\/www.baptistedeyrail.com\/wp-content\/uploads\/2023\/08\/Episode-2_Attila_Final_Vignette.jpg",727,727,false],"large":["https:\/\/www.baptistedeyrail.com\/wp-content\/uploads\/2023\/08\/Episode-2_Attila_Final_Vignette.jpg",727,727,false],"1536x1536":["https:\/\/www.baptistedeyrail.com\/wp-content\/uploads\/2023\/08\/Episode-2_Attila_Final_Vignette.jpg",727,727,false],"2048x2048":["https:\/\/www.baptistedeyrail.com\/wp-content\/uploads\/2023\/08\/Episode-2_Attila_Final_Vignette.jpg",727,727,false]},"uagb_author_info":{"display_name":"Baptiste","author_link":"https:\/\/www.baptistedeyrail.com\/?author=1"},"uagb_comment_info":0,"uagb_excerpt":"la d\u00e9faite d\u2019Attila aux champs Catalauniques \u00ab\u00a0Sur les champs de bataille\u00a0\u00bb (2\/6). O\u00f9 a-t-elle eu lieu\u00a0? Quel jour est-elle survenue\u00a0? Comment Attila a-t-il pu fuir\u00a0? S\u2019il est admis que la marche des terribles cavaliers huns s\u2019est arr\u00eat\u00e9e dans la Champagne actuelle en 451, les circonstances de l\u2019\u00e9v\u00e9nement d\u00e9cisif soul\u00e8vent, encore aujourd\u2019hui, plus de questions que\u2026","_links":{"self":[{"href":"https:\/\/www.baptistedeyrail.com\/index.php?rest_route=\/wp\/v2\/portfolio\/17","targetHints":{"allow":["GET"]}}],"collection":[{"href":"https:\/\/www.baptistedeyrail.com\/index.php?rest_route=\/wp\/v2\/portfolio"}],"about":[{"href":"https:\/\/www.baptistedeyrail.com\/index.php?rest_route=\/wp\/v2\/types\/portfolio"}],"author":[{"embeddable":true,"href":"https:\/\/www.baptistedeyrail.com\/index.php?rest_route=\/wp\/v2\/users\/1"}],"version-history":[{"count":0,"href":"https:\/\/www.baptistedeyrail.com\/index.php?rest_route=\/wp\/v2\/portfolio\/17\/revisions"}],"wp:featuredmedia":[{"embeddable":true,"href":"https:\/\/www.baptistedeyrail.com\/index.php?rest_route=\/wp\/v2\/media\/1267"}],"wp:attachment":[{"href":"https:\/\/www.baptistedeyrail.com\/index.php?rest_route=%2Fwp%2Fv2%2Fmedia&parent=17"}],"wp:term":[{"taxonomy":"portfolio-categories","embeddable":true,"href":"https:\/\/www.baptistedeyrail.com\/index.php?rest_route=%2Fwp%2Fv2%2Fportfolio-categories&post=17"},{"taxonomy":"portfolio-tags","embeddable":true,"href":"https:\/\/www.baptistedeyrail.com\/index.php?rest_route=%2Fwp%2Fv2%2Fportfolio-tags&post=17"}],"curies":[{"name":"wp","href":"https:\/\/api.w.org\/{rel}","templated":true}]}}

La défaite d’Attila

<div class="wp-block-group alignfull has-global-padding is-layout-constrained wp-block-group-is-layout-constrained"></div>



<div class="wp-block-columns is-layout-flex wp-container-core-columns-is-layout-28f84493 wp-block-columns-is-layout-flex">
<div class="wp-block-column is-layout-flow wp-block-column-is-layout-flow" style="flex-basis:66%">
<figure class="wp-block-image size-full animated slideInLeft"><img loading="lazy" decoding="async" width="1000" height="727" src="https://www.baptistedeyrail.com/wp-content/uploads/2023/08/Episode-2_Attila_Final_SD.jpg" alt="" class="wp-image-1260" srcset="https://www.baptistedeyrail.com/wp-content/uploads/2023/08/Episode-2_Attila_Final_SD.jpg 1000w, https://www.baptistedeyrail.com/wp-content/uploads/2023/08/Episode-2_Attila_Final_SD-300x218.jpg 300w, https://www.baptistedeyrail.com/wp-content/uploads/2023/08/Episode-2_Attila_Final_SD-768x558.jpg 768w" sizes="auto, (max-width: 1000px) 100vw, 1000px" /></figure>
</div>



<div class="wp-block-column is-layout-flow wp-block-column-is-layout-flow">
<h2 class="wp-block-heading" style="font-size:clamp(0.875rem, 0.875rem + ((1vw - 0.2rem) * 0.739), 1.3rem);">la défaite d’Attila aux champs Catalauniques</h2>



<h5 class="wp-block-heading"><em>« Sur les champs de bataille » (2/6). Où a-t-elle eu lieu ? Quel jour est-elle survenue ? Comment Attila a-t-il pu fuir ? S’il est admis que la marche des terribles cavaliers huns s’est arrêtée dans la Champagne actuelle en 451, les circonstances de l’événement décisif soulèvent, encore aujourd’hui, plus de questions que de réponses.</em></h5>



<p>Illustrations pour une série du journal le Monde réalisé par <a href="https://www.lemonde.fr/signataires/marie-beatrice-baudet/">Marie-Béatrice Baudet</a> (Troyes, envoyée spéciale) Publié le 23 août 2022</p>



<p>Monotype couleur sur Zinc</p>
</div>
</div>



<div style="height:4rem" aria-hidden="true" class="wp-block-spacer"></div>



<div class="wp-block-group has-global-padding is-layout-constrained wp-block-group-is-layout-constrained">
<div class="wp-block-columns is-layout-flex wp-container-core-columns-is-layout-28f84493 wp-block-columns-is-layout-flex">
<div class="wp-block-column is-layout-flow wp-block-column-is-layout-flow"></div>



<div class="wp-block-column is-layout-flow wp-block-column-is-layout-flow"></div>
</div>
</div>



<figure class="wp-block-image size-full is-resized animated slideInUp"><img loading="lazy" decoding="async" width="1000" height="714" src="https://www.baptistedeyrail.com/wp-content/uploads/2023/08/Attila-SD.jpg" alt="" class="wp-image-1261" style="width:850px" srcset="https://www.baptistedeyrail.com/wp-content/uploads/2023/08/Attila-SD.jpg 1000w, https://www.baptistedeyrail.com/wp-content/uploads/2023/08/Attila-SD-300x214.jpg 300w, https://www.baptistedeyrail.com/wp-content/uploads/2023/08/Attila-SD-768x548.jpg 768w" sizes="auto, (max-width: 1000px) 100vw, 1000px" /></figure>

<p>la défaite d’Attila aux champs Catalauniques « Sur les champs de bataille » (2/6). Où a-t-elle eu lieu ? Quel jour est-elle survenue ? Comment Attila a-t-il pu fuir ? S’il est admis que la marche des terribles cavaliers huns s’est arrêtée dans la Champagne actuelle en 451, les circonstances de l’événement décisif soulèvent, encore aujourd’hui, plus de questions que [&hellip;]</p>

la défaite d’Attila aux champs Catalauniques « Sur les champs de bataille » (2/6). Où a-t-elle eu lieu ? Quel jour est-elle survenue ? Comment Attila a-t-il pu fuir ? S’il est admis que la marche des terribles cavaliers huns s’est arrêtée dans la Champagne actuelle en 451, les circonstances de l’événement décisif soulèvent, encore aujourd’hui, plus de questions que…
