{"id":1744,"date":"2025-05-16T15:19:40","date_gmt":"2025-05-16T14:19:40","guid":{"rendered":"https:\/\/www.baptistedeyrail.com\/?post_type=portfolio&#038;p=1744"},"modified":"2025-05-16T15:23:04","modified_gmt":"2025-05-16T14:23:04","slug":"fig-2","status":"publish","type":"portfolio","link":"https:\/\/www.baptistedeyrail.com\/?portfolio=fig-2","title":{"rendered":"fig. #2"},"content":{"rendered":"\n<div class=\"wp-block-group alignfull has-global-padding is-layout-constrained wp-block-group-is-layout-constrained\"><\/div>\n\n\n\n<div class=\"wp-block-columns is-layout-flex wp-container-core-columns-is-layout-28f84493 wp-block-columns-is-layout-flex\">\n<div class=\"wp-block-column is-layout-flow wp-block-column-is-layout-flow\" style=\"flex-basis:66%\">\n<figure class=\"wp-block-image alignwide size-full animated fadeInLeft\"><img loading=\"lazy\" decoding=\"async\" width=\"777\" height=\"664\" src=\"https:\/\/www.baptistedeyrail.com\/wp-content\/uploads\/2025\/05\/Faux-teuil-couleur.jpg\" alt=\"\" class=\"wp-image-1747\" srcset=\"https:\/\/www.baptistedeyrail.com\/wp-content\/uploads\/2025\/05\/Faux-teuil-couleur.jpg 777w, https:\/\/www.baptistedeyrail.com\/wp-content\/uploads\/2025\/05\/Faux-teuil-couleur-300x256.jpg 300w, https:\/\/www.baptistedeyrail.com\/wp-content\/uploads\/2025\/05\/Faux-teuil-couleur-768x656.jpg 768w\" sizes=\"auto, (max-width: 777px) 100vw, 777px\" \/><\/figure>\n<\/div>\n\n\n\n<div class=\"wp-block-column is-vertically-aligned-center is-layout-flow wp-container-core-column-is-layout-d77c2401 wp-block-column-is-layout-flow\" style=\"padding-top:var(--wp--preset--spacing--50);padding-bottom:var(--wp--preset--spacing--50)\">\n<h2 class=\"wp-block-heading\" style=\"padding-top:0;padding-bottom:0;font-size:clamp(0.875rem, 0.875rem + ((1vw - 0.2rem) * 0.739), 1.3rem);\">fig. #2<\/h2>\n\n\n\n<div class=\"wp-block-group has-global-padding is-layout-constrained wp-block-group-is-layout-constrained\">\n<h5 class=\"wp-block-heading\">S\u00e9rie d&rsquo;illustration r\u00e9alis\u00e9 pour la revue <a href=\"https:\/\/revue-fig.fr\">FIG.<\/a> \u00e0 partir du catalogue d&rsquo;exposition de la 9eme biennale du design de Saint Etienne.<\/h5>\n<\/div>\n\n\n\n<p>titre : hypotypose<br>2015<br>190 x 265 mm<br>44 pages<\/p>\n<\/div>\n<\/div>\n\n\n\n<div style=\"height:4rem\" aria-hidden=\"true\" class=\"wp-block-spacer\"><\/div>\n\n\n\n<div class=\"wp-block-group has-global-padding is-layout-constrained wp-block-group-is-layout-constrained\">\n<figure class=\"wp-block-minimalio-blocks-minimalio-gallery wp-block-gallery grid masonry lg:grid-cols-3 md:grid-cols-2 grid-cols-1 dg__0 tg__2 pg__2 animated slideInUp\" data-id=\"9f34ed5c\" data-grid=\"masonry\" id=\"9f34ed5c\"><figure class=\"wp-block-image none ratio_1-1\"><a href=\"https:\/\/www.baptistedeyrail.com\/wp-content\/uploads\/2025\/05\/couloir-couleur.jpg\"><img loading=\"lazy\" decoding=\"async\" width=\"535\" height=\"664\" src=\"https:\/\/www.baptistedeyrail.com\/wp-content\/uploads\/2025\/05\/couloir-couleur.jpg\" alt=\"Gallery Image\" class=\"wp-image-1746\" srcset=\"https:\/\/www.baptistedeyrail.com\/wp-content\/uploads\/2025\/05\/couloir-couleur.jpg 535w, https:\/\/www.baptistedeyrail.com\/wp-content\/uploads\/2025\/05\/couloir-couleur-300x372.jpg 300w\" sizes=\"auto, (max-width: 535px) 100vw, 535px\" \/><\/a><\/figure><figure class=\"wp-block-image none ratio_1-1\"><a href=\"https:\/\/www.baptistedeyrail.com\/wp-content\/uploads\/2025\/05\/Ligne-couleur.jpg\"><img loading=\"lazy\" decoding=\"async\" width=\"535\" height=\"664\" src=\"https:\/\/www.baptistedeyrail.com\/wp-content\/uploads\/2025\/05\/Ligne-couleur.jpg\" alt=\"Gallery Image\" class=\"wp-image-1749\" srcset=\"https:\/\/www.baptistedeyrail.com\/wp-content\/uploads\/2025\/05\/Ligne-couleur.jpg 535w, https:\/\/www.baptistedeyrail.com\/wp-content\/uploads\/2025\/05\/Ligne-couleur-300x372.jpg 300w\" sizes=\"auto, (max-width: 535px) 100vw, 535px\" \/><\/a><\/figure><figure class=\"wp-block-image none ratio_1-1\"><a href=\"https:\/\/www.baptistedeyrail.com\/wp-content\/uploads\/2025\/05\/Fig-bat12.jpg\"><img loading=\"lazy\" decoding=\"async\" width=\"506\" height=\"627\" src=\"https:\/\/www.baptistedeyrail.com\/wp-content\/uploads\/2025\/05\/Fig-bat12.jpg\" alt=\"Gallery Image\" class=\"wp-image-1748\" srcset=\"https:\/\/www.baptistedeyrail.com\/wp-content\/uploads\/2025\/05\/Fig-bat12.jpg 506w, https:\/\/www.baptistedeyrail.com\/wp-content\/uploads\/2025\/05\/Fig-bat12-300x372.jpg 300w\" sizes=\"auto, (max-width: 506px) 100vw, 506px\" \/><\/a><\/figure><\/figure>\n<\/div>\n\n\n\n<div style=\"height:44px\" aria-hidden=\"true\" class=\"wp-block-spacer\"><\/div>\n\n\n\n<figure class=\"wp-block-image aligncenter size-full is-resized animated slideInUp\"><img loading=\"lazy\" decoding=\"async\" width=\"532\" height=\"852\" src=\"https:\/\/www.baptistedeyrail.com\/wp-content\/uploads\/2025\/05\/3-cases-couleur.jpg\" alt=\"\" class=\"wp-image-1745\" style=\"width:262px;height:auto\" srcset=\"https:\/\/www.baptistedeyrail.com\/wp-content\/uploads\/2025\/05\/3-cases-couleur.jpg 532w, https:\/\/www.baptistedeyrail.com\/wp-content\/uploads\/2025\/05\/3-cases-couleur-300x480.jpg 300w\" sizes=\"auto, (max-width: 532px) 100vw, 532px\" \/><\/figure>\n\n\n\n<div style=\"height:93px\" aria-hidden=\"true\" class=\"wp-block-spacer\"><\/div>\n\n\n\n<figure class=\"wp-block-image aligncenter size-full is-resized animated backInUp\"><img loading=\"lazy\" decoding=\"async\" width=\"150\" height=\"150\" src=\"https:\/\/www.baptistedeyrail.com\/wp-content\/uploads\/2025\/05\/fleche.png\" alt=\"\" class=\"wp-image-1394\" style=\"width:92px;height:auto\"\/><\/figure>\n","protected":false},"excerpt":{"rendered":"<p>fig. #2 S\u00e9rie d&rsquo;illustration r\u00e9alis\u00e9 pour la revue FIG. \u00e0 partir du catalogue d&rsquo;exposition de la 9eme biennale du design de Saint Etienne. titre : hypotypose2015190 x 265 mm44 pages<\/p>\n","protected":false},"author":1,"featured_media":1750,"template":"","portfolio-categories":[40],"portfolio-tags":[],"class_list":["post-1744","portfolio","type-portfolio","status-publish","has-post-thumbnail","hentry","portfolio-categories-gravure"],"uagb_featured_image_src":{"full":["https:\/\/www.baptistedeyrail.com\/wp-content\/uploads\/2025\/05\/VIGNETTE-DISIGN.jpg",510,510,false],"thumbnail":["https:\/\/www.baptistedeyrail.com\/wp-content\/uploads\/2025\/05\/VIGNETTE-DISIGN-300x300.jpg",300,300,true],"medium":["https:\/\/www.baptistedeyrail.com\/wp-content\/uploads\/2025\/05\/VIGNETTE-DISIGN-300x300.jpg",300,300,true],"medium_large":["https:\/\/www.baptistedeyrail.com\/wp-content\/uploads\/2025\/05\/VIGNETTE-DISIGN.jpg",510,510,false],"large":["https:\/\/www.baptistedeyrail.com\/wp-content\/uploads\/2025\/05\/VIGNETTE-DISIGN.jpg",510,510,false],"1536x1536":["https:\/\/www.baptistedeyrail.com\/wp-content\/uploads\/2025\/05\/VIGNETTE-DISIGN.jpg",510,510,false],"2048x2048":["https:\/\/www.baptistedeyrail.com\/wp-content\/uploads\/2025\/05\/VIGNETTE-DISIGN.jpg",510,510,false]},"uagb_author_info":{"display_name":"Baptiste","author_link":"https:\/\/www.baptistedeyrail.com\/?author=1"},"uagb_comment_info":0,"uagb_excerpt":"fig. #2 S\u00e9rie d&rsquo;illustration r\u00e9alis\u00e9 pour la revue FIG. \u00e0 partir du catalogue d&rsquo;exposition de la 9eme biennale du design de Saint Etienne. titre : hypotypose2015190 x 265 mm44 pages","_links":{"self":[{"href":"https:\/\/www.baptistedeyrail.com\/index.php?rest_route=\/wp\/v2\/portfolio\/1744","targetHints":{"allow":["GET"]}}],"collection":[{"href":"https:\/\/www.baptistedeyrail.com\/index.php?rest_route=\/wp\/v2\/portfolio"}],"about":[{"href":"https:\/\/www.baptistedeyrail.com\/index.php?rest_route=\/wp\/v2\/types\/portfolio"}],"author":[{"embeddable":true,"href":"https:\/\/www.baptistedeyrail.com\/index.php?rest_route=\/wp\/v2\/users\/1"}],"version-history":[{"count":0,"href":"https:\/\/www.baptistedeyrail.com\/index.php?rest_route=\/wp\/v2\/portfolio\/1744\/revisions"}],"wp:featuredmedia":[{"embeddable":true,"href":"https:\/\/www.baptistedeyrail.com\/index.php?rest_route=\/wp\/v2\/media\/1750"}],"wp:attachment":[{"href":"https:\/\/www.baptistedeyrail.com\/index.php?rest_route=%2Fwp%2Fv2%2Fmedia&parent=1744"}],"wp:term":[{"taxonomy":"portfolio-categories","embeddable":true,"href":"https:\/\/www.baptistedeyrail.com\/index.php?rest_route=%2Fwp%2Fv2%2Fportfolio-categories&post=1744"},{"taxonomy":"portfolio-tags","embeddable":true,"href":"https:\/\/www.baptistedeyrail.com\/index.php?rest_route=%2Fwp%2Fv2%2Fportfolio-tags&post=1744"}],"curies":[{"name":"wp","href":"https:\/\/api.w.org\/{rel}","templated":true}]}}

<div class="wp-block-group alignfull has-global-padding is-layout-constrained wp-block-group-is-layout-constrained"></div>



<div class="wp-block-columns is-layout-flex wp-container-core-columns-is-layout-28f84493 wp-block-columns-is-layout-flex">
<div class="wp-block-column is-layout-flow wp-block-column-is-layout-flow" style="flex-basis:66%">
<figure class="wp-block-image alignwide size-full animated fadeInLeft"><img loading="lazy" decoding="async" width="777" height="664" src="https://www.baptistedeyrail.com/wp-content/uploads/2025/05/Faux-teuil-couleur.jpg" alt="" class="wp-image-1747" srcset="https://www.baptistedeyrail.com/wp-content/uploads/2025/05/Faux-teuil-couleur.jpg 777w, https://www.baptistedeyrail.com/wp-content/uploads/2025/05/Faux-teuil-couleur-300x256.jpg 300w, https://www.baptistedeyrail.com/wp-content/uploads/2025/05/Faux-teuil-couleur-768x656.jpg 768w" sizes="auto, (max-width: 777px) 100vw, 777px" /></figure>
</div>



<div class="wp-block-column is-vertically-aligned-center is-layout-flow wp-container-core-column-is-layout-d77c2401 wp-block-column-is-layout-flow" style="padding-top:var(--wp--preset--spacing--50);padding-bottom:var(--wp--preset--spacing--50)">
<h2 class="wp-block-heading" style="padding-top:0;padding-bottom:0;font-size:clamp(0.875rem, 0.875rem + ((1vw - 0.2rem) * 0.739), 1.3rem);">fig. #2</h2>



<div class="wp-block-group has-global-padding is-layout-constrained wp-block-group-is-layout-constrained">
<h5 class="wp-block-heading">Série d&rsquo;illustration réalisé pour la revue <a href="https://revue-fig.fr">FIG.</a> à partir du catalogue d&rsquo;exposition de la 9eme biennale du design de Saint Etienne.</h5>
</div>



<p>titre : hypotypose<br>2015<br>190 x 265 mm<br>44 pages</p>
</div>
</div>



<div style="height:4rem" aria-hidden="true" class="wp-block-spacer"></div>



<div class="wp-block-group has-global-padding is-layout-constrained wp-block-group-is-layout-constrained">
<figure class="wp-block-minimalio-blocks-minimalio-gallery wp-block-gallery grid masonry lg:grid-cols-3 md:grid-cols-2 grid-cols-1 dg__0 tg__2 pg__2 animated slideInUp" data-id="9f34ed5c" data-grid="masonry" id="9f34ed5c"><figure class="wp-block-image none ratio_1-1"><a href="https://www.baptistedeyrail.com/wp-content/uploads/2025/05/couloir-couleur.jpg"><img loading="lazy" decoding="async" width="535" height="664" src="https://www.baptistedeyrail.com/wp-content/uploads/2025/05/couloir-couleur.jpg" alt="Gallery Image" class="wp-image-1746" srcset="https://www.baptistedeyrail.com/wp-content/uploads/2025/05/couloir-couleur.jpg 535w, https://www.baptistedeyrail.com/wp-content/uploads/2025/05/couloir-couleur-300x372.jpg 300w" sizes="auto, (max-width: 535px) 100vw, 535px" /></a></figure><figure class="wp-block-image none ratio_1-1"><a href="https://www.baptistedeyrail.com/wp-content/uploads/2025/05/Ligne-couleur.jpg"><img loading="lazy" decoding="async" width="535" height="664" src="https://www.baptistedeyrail.com/wp-content/uploads/2025/05/Ligne-couleur.jpg" alt="Gallery Image" class="wp-image-1749" srcset="https://www.baptistedeyrail.com/wp-content/uploads/2025/05/Ligne-couleur.jpg 535w, https://www.baptistedeyrail.com/wp-content/uploads/2025/05/Ligne-couleur-300x372.jpg 300w" sizes="auto, (max-width: 535px) 100vw, 535px" /></a></figure><figure class="wp-block-image none ratio_1-1"><a href="https://www.baptistedeyrail.com/wp-content/uploads/2025/05/Fig-bat12.jpg"><img loading="lazy" decoding="async" width="506" height="627" src="https://www.baptistedeyrail.com/wp-content/uploads/2025/05/Fig-bat12.jpg" alt="Gallery Image" class="wp-image-1748" srcset="https://www.baptistedeyrail.com/wp-content/uploads/2025/05/Fig-bat12.jpg 506w, https://www.baptistedeyrail.com/wp-content/uploads/2025/05/Fig-bat12-300x372.jpg 300w" sizes="auto, (max-width: 506px) 100vw, 506px" /></a></figure></figure>
</div>



<div style="height:44px" aria-hidden="true" class="wp-block-spacer"></div>



<figure class="wp-block-image aligncenter size-full is-resized animated slideInUp"><img loading="lazy" decoding="async" width="532" height="852" src="https://www.baptistedeyrail.com/wp-content/uploads/2025/05/3-cases-couleur.jpg" alt="" class="wp-image-1745" style="width:262px;height:auto" srcset="https://www.baptistedeyrail.com/wp-content/uploads/2025/05/3-cases-couleur.jpg 532w, https://www.baptistedeyrail.com/wp-content/uploads/2025/05/3-cases-couleur-300x480.jpg 300w" sizes="auto, (max-width: 532px) 100vw, 532px" /></figure>



<div style="height:93px" aria-hidden="true" class="wp-block-spacer"></div>



<figure class="wp-block-image aligncenter size-full is-resized animated backInUp"><img loading="lazy" decoding="async" width="150" height="150" src="https://www.baptistedeyrail.com/wp-content/uploads/2025/05/fleche.png" alt="" class="wp-image-1394" style="width:92px;height:auto"/></figure>

<p>fig. #2 Série d&rsquo;illustration réalisé pour la revue FIG. à partir du catalogue d&rsquo;exposition de la 9eme biennale du design de Saint Etienne. titre : hypotypose2015190 x 265 mm44 pages</p>

fig. #2 Série d&rsquo;illustration réalisé pour la revue FIG. à partir du catalogue d&rsquo;exposition de la 9eme biennale du design de Saint Etienne. titre : hypotypose2015190 x 265 mm44 pages
