{"id":40,"date":"2023-08-03T11:27:23","date_gmt":"2023-08-03T11:27:23","guid":{"rendered":"http:\/\/localhost:8888\/demo1\/demo1-5\/?post_type=portfolio&#038;p=40"},"modified":"2025-05-26T15:25:04","modified_gmt":"2025-05-26T14:25:04","slug":"camera-12","status":"publish","type":"portfolio","link":"https:\/\/www.baptistedeyrail.com\/?portfolio=camera-12","title":{"rendered":"Le pas de la Manu"},"content":{"rendered":"\n<div class=\"wp-block-group alignfull has-global-padding is-layout-constrained wp-block-group-is-layout-constrained\"><\/div>\n\n\n\n<div class=\"wp-block-columns is-layout-flex wp-container-core-columns-is-layout-28f84493 wp-block-columns-is-layout-flex\">\n<div class=\"wp-block-column is-layout-flow wp-block-column-is-layout-flow\" style=\"flex-basis:66%\">\n<figure class=\"wp-block-image size-full\"><img loading=\"lazy\" decoding=\"async\" width=\"2365\" height=\"2954\" src=\"https:\/\/www.baptistedeyrail.com\/wp-content\/uploads\/2020\/06\/Sequence-8_page-17.jpg\" alt=\"\" class=\"wp-image-988\" srcset=\"https:\/\/www.baptistedeyrail.com\/wp-content\/uploads\/2020\/06\/Sequence-8_page-17.jpg 2365w, https:\/\/www.baptistedeyrail.com\/wp-content\/uploads\/2020\/06\/Sequence-8_page-17-300x375.jpg 300w, https:\/\/www.baptistedeyrail.com\/wp-content\/uploads\/2020\/06\/Sequence-8_page-17-768x959.jpg 768w, https:\/\/www.baptistedeyrail.com\/wp-content\/uploads\/2020\/06\/Sequence-8_page-17-801x1000.jpg 801w, https:\/\/www.baptistedeyrail.com\/wp-content\/uploads\/2020\/06\/Sequence-8_page-17-304x380.jpg 304w\" sizes=\"auto, (max-width: 2365px) 100vw, 2365px\" \/><\/figure>\n<\/div>\n\n\n\n<div class=\"wp-block-column is-layout-flow wp-block-column-is-layout-flow\">\n<h2 class=\"wp-block-heading has-white-background-color has-background\" style=\"font-size:clamp(0.875rem, 0.875rem + ((1vw - 0.2rem) * 0.739), 1.3rem);\"><strong>Le Pas de la Manu<\/strong><\/h2>\n\n\n\n<h5 class=\"wp-block-heading\"><em>Un employ\u00e9 de la Manufacture d&rsquo;Armes de St-Etienne pratique la \u00ab\u00a0perruque\u00a0\u00bb et construit secr\u00e8tement le moteur du bateau avec lequel il partira naviguer. Un formidable hommage au monde ouvrier.<\/em><\/h5>\n\n\n\n<p class=\"has-text-align-right\"><br>Bande dessin\u00e9e de 240 pages publi\u00e9s chez Actes Sud\/l\u2019an2 en novembre 2020 Un employ\u00e9 de la manufacture d&rsquo;Armes de Saint-Etienne pratique la \u00ab\u00a0perruque\u00a0\u00bb et construit secr\u00e8tement le moteur du bateau. Il s\u2019agit d\u2019une fiction regroupant tout le travail de t\u00e9moignage autour du monde ouvrier que j\u2019ai regroup\u00e9 depuis dix ans.<\/p>\n\n\n\n<p class=\"has-text-align-right\">Chaque case est r\u00e9alis\u00e9 en monotype sur Zinc.<\/p>\n<\/div>\n<\/div>\n\n\n\n<figure class=\"wp-block-minimalio-blocks-minimalio-gallery wp-block-gallery grid masonry lg:grid-cols-3 md:grid-cols-2 grid-cols-1 dg__0 tg__2 pg__2\" data-id=\"0a4b56fd\" data-grid=\"masonry\" id=\"0a4b56fd\"><figure class=\"wp-block-image none ratio_1-1\"><a href=\"https:\/\/www.baptistedeyrail.com\/wp-content\/uploads\/2023\/08\/Mise-en-page-COVID-mai-2020_light-glissees-2-pdf-800x1000-1.jpg\"><img loading=\"lazy\" decoding=\"async\" width=\"800\" height=\"1000\" src=\"https:\/\/www.baptistedeyrail.com\/wp-content\/uploads\/2023\/08\/Mise-en-page-COVID-mai-2020_light-glissees-2-pdf-800x1000-1.jpg\" alt=\"Gallery Image\" class=\"wp-image-1041\" srcset=\"https:\/\/www.baptistedeyrail.com\/wp-content\/uploads\/2023\/08\/Mise-en-page-COVID-mai-2020_light-glissees-2-pdf-800x1000-1.jpg 800w, https:\/\/www.baptistedeyrail.com\/wp-content\/uploads\/2023\/08\/Mise-en-page-COVID-mai-2020_light-glissees-2-pdf-800x1000-1-300x375.jpg 300w, https:\/\/www.baptistedeyrail.com\/wp-content\/uploads\/2023\/08\/Mise-en-page-COVID-mai-2020_light-glissees-2-pdf-800x1000-1-768x960.jpg 768w\" sizes=\"auto, (max-width: 800px) 100vw, 800px\" \/><\/a><\/figure><figure class=\"wp-block-image none ratio_1-1\"><a href=\"https:\/\/www.baptistedeyrail.com\/wp-content\/uploads\/2023\/08\/Mise-en-page-COVID-mai-2020_light-glissees-3-pdf-800x1000-1.jpg\"><img loading=\"lazy\" decoding=\"async\" width=\"800\" height=\"1000\" src=\"https:\/\/www.baptistedeyrail.com\/wp-content\/uploads\/2023\/08\/Mise-en-page-COVID-mai-2020_light-glissees-3-pdf-800x1000-1.jpg\" alt=\"Gallery Image\" class=\"wp-image-1042\" srcset=\"https:\/\/www.baptistedeyrail.com\/wp-content\/uploads\/2023\/08\/Mise-en-page-COVID-mai-2020_light-glissees-3-pdf-800x1000-1.jpg 800w, https:\/\/www.baptistedeyrail.com\/wp-content\/uploads\/2023\/08\/Mise-en-page-COVID-mai-2020_light-glissees-3-pdf-800x1000-1-300x375.jpg 300w, https:\/\/www.baptistedeyrail.com\/wp-content\/uploads\/2023\/08\/Mise-en-page-COVID-mai-2020_light-glissees-3-pdf-800x1000-1-768x960.jpg 768w\" sizes=\"auto, (max-width: 800px) 100vw, 800px\" \/><\/a><\/figure><figure class=\"wp-block-image none ratio_1-1\"><a href=\"https:\/\/www.baptistedeyrail.com\/wp-content\/uploads\/2023\/08\/Mise-en-page-COVID-mai-2020_light-glissees-4-pdf-800x1000-1.jpg\"><img loading=\"lazy\" decoding=\"async\" width=\"800\" height=\"1000\" src=\"https:\/\/www.baptistedeyrail.com\/wp-content\/uploads\/2023\/08\/Mise-en-page-COVID-mai-2020_light-glissees-4-pdf-800x1000-1.jpg\" alt=\"Gallery Image\" class=\"wp-image-1043\" srcset=\"https:\/\/www.baptistedeyrail.com\/wp-content\/uploads\/2023\/08\/Mise-en-page-COVID-mai-2020_light-glissees-4-pdf-800x1000-1.jpg 800w, https:\/\/www.baptistedeyrail.com\/wp-content\/uploads\/2023\/08\/Mise-en-page-COVID-mai-2020_light-glissees-4-pdf-800x1000-1-300x375.jpg 300w, https:\/\/www.baptistedeyrail.com\/wp-content\/uploads\/2023\/08\/Mise-en-page-COVID-mai-2020_light-glissees-4-pdf-800x1000-1-768x960.jpg 768w\" sizes=\"auto, (max-width: 800px) 100vw, 800px\" \/><\/a><\/figure><figure class=\"wp-block-image none ratio_1-1\"><a href=\"https:\/\/www.baptistedeyrail.com\/wp-content\/uploads\/2023\/08\/Mise-en-page-COVID-mai-2020_light-glissees-5-pdf-800x1000-1.jpg\"><img loading=\"lazy\" decoding=\"async\" width=\"800\" height=\"1000\" src=\"https:\/\/www.baptistedeyrail.com\/wp-content\/uploads\/2023\/08\/Mise-en-page-COVID-mai-2020_light-glissees-5-pdf-800x1000-1.jpg\" alt=\"Gallery Image\" class=\"wp-image-1045\" srcset=\"https:\/\/www.baptistedeyrail.com\/wp-content\/uploads\/2023\/08\/Mise-en-page-COVID-mai-2020_light-glissees-5-pdf-800x1000-1.jpg 800w, https:\/\/www.baptistedeyrail.com\/wp-content\/uploads\/2023\/08\/Mise-en-page-COVID-mai-2020_light-glissees-5-pdf-800x1000-1-300x375.jpg 300w, https:\/\/www.baptistedeyrail.com\/wp-content\/uploads\/2023\/08\/Mise-en-page-COVID-mai-2020_light-glissees-5-pdf-800x1000-1-768x960.jpg 768w\" sizes=\"auto, (max-width: 800px) 100vw, 800px\" \/><\/a><\/figure><figure class=\"wp-block-image none ratio_1-1\"><a href=\"https:\/\/www.baptistedeyrail.com\/wp-content\/uploads\/2023\/08\/Mise-en-page-COVID-mai-2020_light-glissees-6-pdf-800x1000-1.jpg\"><img loading=\"lazy\" decoding=\"async\" width=\"800\" height=\"1000\" src=\"https:\/\/www.baptistedeyrail.com\/wp-content\/uploads\/2023\/08\/Mise-en-page-COVID-mai-2020_light-glissees-6-pdf-800x1000-1.jpg\" alt=\"Gallery Image\" class=\"wp-image-1044\" srcset=\"https:\/\/www.baptistedeyrail.com\/wp-content\/uploads\/2023\/08\/Mise-en-page-COVID-mai-2020_light-glissees-6-pdf-800x1000-1.jpg 800w, https:\/\/www.baptistedeyrail.com\/wp-content\/uploads\/2023\/08\/Mise-en-page-COVID-mai-2020_light-glissees-6-pdf-800x1000-1-300x375.jpg 300w, https:\/\/www.baptistedeyrail.com\/wp-content\/uploads\/2023\/08\/Mise-en-page-COVID-mai-2020_light-glissees-6-pdf-800x1000-1-768x960.jpg 768w\" sizes=\"auto, (max-width: 800px) 100vw, 800px\" \/><\/a><\/figure><figure class=\"wp-block-image none ratio_1-1\"><a href=\"https:\/\/www.baptistedeyrail.com\/wp-content\/uploads\/2023\/08\/Mise-en-page-COVID-mai-2020_light-glissees-pdf-800x1000-1.jpg\"><img loading=\"lazy\" decoding=\"async\" width=\"800\" height=\"1000\" src=\"https:\/\/www.baptistedeyrail.com\/wp-content\/uploads\/2023\/08\/Mise-en-page-COVID-mai-2020_light-glissees-pdf-800x1000-1.jpg\" alt=\"Gallery Image\" class=\"wp-image-1046\" srcset=\"https:\/\/www.baptistedeyrail.com\/wp-content\/uploads\/2023\/08\/Mise-en-page-COVID-mai-2020_light-glissees-pdf-800x1000-1.jpg 800w, https:\/\/www.baptistedeyrail.com\/wp-content\/uploads\/2023\/08\/Mise-en-page-COVID-mai-2020_light-glissees-pdf-800x1000-1-300x375.jpg 300w, https:\/\/www.baptistedeyrail.com\/wp-content\/uploads\/2023\/08\/Mise-en-page-COVID-mai-2020_light-glissees-pdf-800x1000-1-768x960.jpg 768w\" sizes=\"auto, (max-width: 800px) 100vw, 800px\" \/><\/a><\/figure><\/figure>\n\n\n\n<div style=\"height:121px\" aria-hidden=\"true\" class=\"wp-block-spacer\"><\/div>\n\n\n\n<figure class=\"wp-block-image aligncenter size-full animated rubberBand delay-2s\"><img loading=\"lazy\" decoding=\"async\" width=\"150\" height=\"95\" src=\"https:\/\/www.baptistedeyrail.com\/wp-content\/uploads\/2023\/08\/Home.jpg\" alt=\"\" class=\"wp-image-1823\"\/><\/figure>\n\n\n\n<div style=\"height:141px\" aria-hidden=\"true\" class=\"wp-block-spacer\"><\/div>\n","protected":false},"excerpt":{"rendered":"<p>Le Pas de la Manu Un employ\u00e9 de la Manufacture d&rsquo;Armes de St-Etienne pratique la \u00ab\u00a0perruque\u00a0\u00bb et construit secr\u00e8tement le moteur du bateau avec lequel il partira naviguer. Un formidable hommage au monde ouvrier. Bande dessin\u00e9e de 240 pages publi\u00e9s chez Actes Sud\/l\u2019an2 en novembre 2020 Un employ\u00e9 de la manufacture d&rsquo;Armes de Saint-Etienne pratique [&hellip;]<\/p>\n","protected":false},"author":1,"featured_media":1830,"template":"","portfolio-categories":[38],"portfolio-tags":[],"class_list":["post-40","portfolio","type-portfolio","status-publish","has-post-thumbnail","hentry","portfolio-categories-bande-dessine"],"uagb_featured_image_src":{"full":["https:\/\/www.baptistedeyrail.com\/wp-content\/uploads\/2023\/08\/pas-de-la-manu-1.jpg",857,857,false],"thumbnail":["https:\/\/www.baptistedeyrail.com\/wp-content\/uploads\/2023\/08\/pas-de-la-manu-1-300x300.jpg",300,300,true],"medium":["https:\/\/www.baptistedeyrail.com\/wp-content\/uploads\/2023\/08\/pas-de-la-manu-1-300x300.jpg",300,300,true],"medium_large":["https:\/\/www.baptistedeyrail.com\/wp-content\/uploads\/2023\/08\/pas-de-la-manu-1-768x768.jpg",768,768,true],"large":["https:\/\/www.baptistedeyrail.com\/wp-content\/uploads\/2023\/08\/pas-de-la-manu-1.jpg",857,857,false],"1536x1536":["https:\/\/www.baptistedeyrail.com\/wp-content\/uploads\/2023\/08\/pas-de-la-manu-1.jpg",857,857,false],"2048x2048":["https:\/\/www.baptistedeyrail.com\/wp-content\/uploads\/2023\/08\/pas-de-la-manu-1.jpg",857,857,false]},"uagb_author_info":{"display_name":"Baptiste","author_link":"https:\/\/www.baptistedeyrail.com\/?author=1"},"uagb_comment_info":0,"uagb_excerpt":"Le Pas de la Manu Un employ\u00e9 de la Manufacture d&rsquo;Armes de St-Etienne pratique la \u00ab\u00a0perruque\u00a0\u00bb et construit secr\u00e8tement le moteur du bateau avec lequel il partira naviguer. Un formidable hommage au monde ouvrier. Bande dessin\u00e9e de 240 pages publi\u00e9s chez Actes Sud\/l\u2019an2 en novembre 2020 Un employ\u00e9 de la manufacture d&rsquo;Armes de Saint-Etienne pratique\u2026","_links":{"self":[{"href":"https:\/\/www.baptistedeyrail.com\/index.php?rest_route=\/wp\/v2\/portfolio\/40","targetHints":{"allow":["GET"]}}],"collection":[{"href":"https:\/\/www.baptistedeyrail.com\/index.php?rest_route=\/wp\/v2\/portfolio"}],"about":[{"href":"https:\/\/www.baptistedeyrail.com\/index.php?rest_route=\/wp\/v2\/types\/portfolio"}],"author":[{"embeddable":true,"href":"https:\/\/www.baptistedeyrail.com\/index.php?rest_route=\/wp\/v2\/users\/1"}],"version-history":[{"count":1,"href":"https:\/\/www.baptistedeyrail.com\/index.php?rest_route=\/wp\/v2\/portfolio\/40\/revisions"}],"predecessor-version":[{"id":1914,"href":"https:\/\/www.baptistedeyrail.com\/index.php?rest_route=\/wp\/v2\/portfolio\/40\/revisions\/1914"}],"wp:featuredmedia":[{"embeddable":true,"href":"https:\/\/www.baptistedeyrail.com\/index.php?rest_route=\/wp\/v2\/media\/1830"}],"wp:attachment":[{"href":"https:\/\/www.baptistedeyrail.com\/index.php?rest_route=%2Fwp%2Fv2%2Fmedia&parent=40"}],"wp:term":[{"taxonomy":"portfolio-categories","embeddable":true,"href":"https:\/\/www.baptistedeyrail.com\/index.php?rest_route=%2Fwp%2Fv2%2Fportfolio-categories&post=40"},{"taxonomy":"portfolio-tags","embeddable":true,"href":"https:\/\/www.baptistedeyrail.com\/index.php?rest_route=%2Fwp%2Fv2%2Fportfolio-tags&post=40"}],"curies":[{"name":"wp","href":"https:\/\/api.w.org\/{rel}","templated":true}]}}

<div class="wp-block-group alignfull has-global-padding is-layout-constrained wp-block-group-is-layout-constrained"></div>



<div class="wp-block-columns is-layout-flex wp-container-core-columns-is-layout-28f84493 wp-block-columns-is-layout-flex">
<div class="wp-block-column is-layout-flow wp-block-column-is-layout-flow" style="flex-basis:66%">
<figure class="wp-block-image size-full"><img loading="lazy" decoding="async" width="2365" height="2954" src="https://www.baptistedeyrail.com/wp-content/uploads/2020/06/Sequence-8_page-17.jpg" alt="" class="wp-image-988" srcset="https://www.baptistedeyrail.com/wp-content/uploads/2020/06/Sequence-8_page-17.jpg 2365w, https://www.baptistedeyrail.com/wp-content/uploads/2020/06/Sequence-8_page-17-300x375.jpg 300w, https://www.baptistedeyrail.com/wp-content/uploads/2020/06/Sequence-8_page-17-768x959.jpg 768w, https://www.baptistedeyrail.com/wp-content/uploads/2020/06/Sequence-8_page-17-801x1000.jpg 801w, https://www.baptistedeyrail.com/wp-content/uploads/2020/06/Sequence-8_page-17-304x380.jpg 304w" sizes="auto, (max-width: 2365px) 100vw, 2365px" /></figure>
</div>



<div class="wp-block-column is-layout-flow wp-block-column-is-layout-flow">
<h2 class="wp-block-heading has-white-background-color has-background" style="font-size:clamp(0.875rem, 0.875rem + ((1vw - 0.2rem) * 0.739), 1.3rem);"><strong>Le Pas de la Manu</strong></h2>



<h5 class="wp-block-heading"><em>Un employé de la Manufacture d&rsquo;Armes de St-Etienne pratique la « perruque » et construit secrètement le moteur du bateau avec lequel il partira naviguer. Un formidable hommage au monde ouvrier.</em></h5>



<p class="has-text-align-right"><br>Bande dessinée de 240 pages publiés chez Actes Sud/l’an2 en novembre 2020 Un employé de la manufacture d&rsquo;Armes de Saint-Etienne pratique la « perruque » et construit secrètement le moteur du bateau. Il s’agit d’une fiction regroupant tout le travail de témoignage autour du monde ouvrier que j’ai regroupé depuis dix ans.</p>



<p class="has-text-align-right">Chaque case est réalisé en monotype sur Zinc.</p>
</div>
</div>



<figure class="wp-block-minimalio-blocks-minimalio-gallery wp-block-gallery grid masonry lg:grid-cols-3 md:grid-cols-2 grid-cols-1 dg__0 tg__2 pg__2" data-id="0a4b56fd" data-grid="masonry" id="0a4b56fd"><figure class="wp-block-image none ratio_1-1"><a href="https://www.baptistedeyrail.com/wp-content/uploads/2023/08/Mise-en-page-COVID-mai-2020_light-glissees-2-pdf-800x1000-1.jpg"><img loading="lazy" decoding="async" width="800" height="1000" src="https://www.baptistedeyrail.com/wp-content/uploads/2023/08/Mise-en-page-COVID-mai-2020_light-glissees-2-pdf-800x1000-1.jpg" alt="Gallery Image" class="wp-image-1041" srcset="https://www.baptistedeyrail.com/wp-content/uploads/2023/08/Mise-en-page-COVID-mai-2020_light-glissees-2-pdf-800x1000-1.jpg 800w, https://www.baptistedeyrail.com/wp-content/uploads/2023/08/Mise-en-page-COVID-mai-2020_light-glissees-2-pdf-800x1000-1-300x375.jpg 300w, https://www.baptistedeyrail.com/wp-content/uploads/2023/08/Mise-en-page-COVID-mai-2020_light-glissees-2-pdf-800x1000-1-768x960.jpg 768w" sizes="auto, (max-width: 800px) 100vw, 800px" /></a></figure><figure class="wp-block-image none ratio_1-1"><a href="https://www.baptistedeyrail.com/wp-content/uploads/2023/08/Mise-en-page-COVID-mai-2020_light-glissees-3-pdf-800x1000-1.jpg"><img loading="lazy" decoding="async" width="800" height="1000" src="https://www.baptistedeyrail.com/wp-content/uploads/2023/08/Mise-en-page-COVID-mai-2020_light-glissees-3-pdf-800x1000-1.jpg" alt="Gallery Image" class="wp-image-1042" srcset="https://www.baptistedeyrail.com/wp-content/uploads/2023/08/Mise-en-page-COVID-mai-2020_light-glissees-3-pdf-800x1000-1.jpg 800w, https://www.baptistedeyrail.com/wp-content/uploads/2023/08/Mise-en-page-COVID-mai-2020_light-glissees-3-pdf-800x1000-1-300x375.jpg 300w, https://www.baptistedeyrail.com/wp-content/uploads/2023/08/Mise-en-page-COVID-mai-2020_light-glissees-3-pdf-800x1000-1-768x960.jpg 768w" sizes="auto, (max-width: 800px) 100vw, 800px" /></a></figure><figure class="wp-block-image none ratio_1-1"><a href="https://www.baptistedeyrail.com/wp-content/uploads/2023/08/Mise-en-page-COVID-mai-2020_light-glissees-4-pdf-800x1000-1.jpg"><img loading="lazy" decoding="async" width="800" height="1000" src="https://www.baptistedeyrail.com/wp-content/uploads/2023/08/Mise-en-page-COVID-mai-2020_light-glissees-4-pdf-800x1000-1.jpg" alt="Gallery Image" class="wp-image-1043" srcset="https://www.baptistedeyrail.com/wp-content/uploads/2023/08/Mise-en-page-COVID-mai-2020_light-glissees-4-pdf-800x1000-1.jpg 800w, https://www.baptistedeyrail.com/wp-content/uploads/2023/08/Mise-en-page-COVID-mai-2020_light-glissees-4-pdf-800x1000-1-300x375.jpg 300w, https://www.baptistedeyrail.com/wp-content/uploads/2023/08/Mise-en-page-COVID-mai-2020_light-glissees-4-pdf-800x1000-1-768x960.jpg 768w" sizes="auto, (max-width: 800px) 100vw, 800px" /></a></figure><figure class="wp-block-image none ratio_1-1"><a href="https://www.baptistedeyrail.com/wp-content/uploads/2023/08/Mise-en-page-COVID-mai-2020_light-glissees-5-pdf-800x1000-1.jpg"><img loading="lazy" decoding="async" width="800" height="1000" src="https://www.baptistedeyrail.com/wp-content/uploads/2023/08/Mise-en-page-COVID-mai-2020_light-glissees-5-pdf-800x1000-1.jpg" alt="Gallery Image" class="wp-image-1045" srcset="https://www.baptistedeyrail.com/wp-content/uploads/2023/08/Mise-en-page-COVID-mai-2020_light-glissees-5-pdf-800x1000-1.jpg 800w, https://www.baptistedeyrail.com/wp-content/uploads/2023/08/Mise-en-page-COVID-mai-2020_light-glissees-5-pdf-800x1000-1-300x375.jpg 300w, https://www.baptistedeyrail.com/wp-content/uploads/2023/08/Mise-en-page-COVID-mai-2020_light-glissees-5-pdf-800x1000-1-768x960.jpg 768w" sizes="auto, (max-width: 800px) 100vw, 800px" /></a></figure><figure class="wp-block-image none ratio_1-1"><a href="https://www.baptistedeyrail.com/wp-content/uploads/2023/08/Mise-en-page-COVID-mai-2020_light-glissees-6-pdf-800x1000-1.jpg"><img loading="lazy" decoding="async" width="800" height="1000" src="https://www.baptistedeyrail.com/wp-content/uploads/2023/08/Mise-en-page-COVID-mai-2020_light-glissees-6-pdf-800x1000-1.jpg" alt="Gallery Image" class="wp-image-1044" srcset="https://www.baptistedeyrail.com/wp-content/uploads/2023/08/Mise-en-page-COVID-mai-2020_light-glissees-6-pdf-800x1000-1.jpg 800w, https://www.baptistedeyrail.com/wp-content/uploads/2023/08/Mise-en-page-COVID-mai-2020_light-glissees-6-pdf-800x1000-1-300x375.jpg 300w, https://www.baptistedeyrail.com/wp-content/uploads/2023/08/Mise-en-page-COVID-mai-2020_light-glissees-6-pdf-800x1000-1-768x960.jpg 768w" sizes="auto, (max-width: 800px) 100vw, 800px" /></a></figure><figure class="wp-block-image none ratio_1-1"><a href="https://www.baptistedeyrail.com/wp-content/uploads/2023/08/Mise-en-page-COVID-mai-2020_light-glissees-pdf-800x1000-1.jpg"><img loading="lazy" decoding="async" width="800" height="1000" src="https://www.baptistedeyrail.com/wp-content/uploads/2023/08/Mise-en-page-COVID-mai-2020_light-glissees-pdf-800x1000-1.jpg" alt="Gallery Image" class="wp-image-1046" srcset="https://www.baptistedeyrail.com/wp-content/uploads/2023/08/Mise-en-page-COVID-mai-2020_light-glissees-pdf-800x1000-1.jpg 800w, https://www.baptistedeyrail.com/wp-content/uploads/2023/08/Mise-en-page-COVID-mai-2020_light-glissees-pdf-800x1000-1-300x375.jpg 300w, https://www.baptistedeyrail.com/wp-content/uploads/2023/08/Mise-en-page-COVID-mai-2020_light-glissees-pdf-800x1000-1-768x960.jpg 768w" sizes="auto, (max-width: 800px) 100vw, 800px" /></a></figure></figure>



<div style="height:121px" aria-hidden="true" class="wp-block-spacer"></div>



<figure class="wp-block-image aligncenter size-full animated rubberBand delay-2s"><img loading="lazy" decoding="async" width="150" height="95" src="https://www.baptistedeyrail.com/wp-content/uploads/2023/08/Home.jpg" alt="" class="wp-image-1823"/></figure>



<div style="height:141px" aria-hidden="true" class="wp-block-spacer"></div>

<p>Le Pas de la Manu Un employé de la Manufacture d&rsquo;Armes de St-Etienne pratique la « perruque » et construit secrètement le moteur du bateau avec lequel il partira naviguer. Un formidable hommage au monde ouvrier. Bande dessinée de 240 pages publiés chez Actes Sud/l’an2 en novembre 2020 Un employé de la manufacture d&rsquo;Armes de Saint-Etienne pratique [&hellip;]</p>

Le Pas de la Manu Un employé de la Manufacture d&rsquo;Armes de St-Etienne pratique la « perruque » et construit secrètement le moteur du bateau avec lequel il partira naviguer. Un formidable hommage au monde ouvrier. Bande dessinée de 240 pages publiés chez Actes Sud/l’an2 en novembre 2020 Un employé de la manufacture d&rsquo;Armes de Saint-Etienne pratique…
